{"id":964,"date":"2018-08-20T07:23:06","date_gmt":"2018-08-20T05:23:06","guid":{"rendered":"https:\/\/collectif-accad.fr\/site\/?page_id=964"},"modified":"2018-10-29T11:50:23","modified_gmt":"2018-10-29T10:50:23","slug":"dans-la-region","status":"publish","type":"page","link":"https:\/\/collectif-accad.fr\/site\/nos-actions\/temoignages\/dans-la-region\/","title":{"rendered":"Dans la r\u00e9gion"},"content":{"rendered":"<p style=\"text-align: center;\"><strong><span style=\"font-size: 18pt;\">Le point sur les t\u00e9moignages<\/span><\/strong><\/p>\n<p>En date du 29 octobre<\/p>\n<p><a href=\"https:\/\/collectif-accad.fr\/site\/wp-content\/uploads\/2018\/10\/T\u00e9moignages-181029.pdf\"><strong><span style=\"font-size: 14pt;\">T\u00e9moignages 181029<\/span><\/strong><\/a><\/p>\n<p style=\"text-align: center;\"><strong><span style=\"font-size: 18pt;\">Nouveaux t\u00e9moignages connus le 08 octobre 18<\/span><\/strong><\/p>\n<p>A<strong> Noyelles-sous-Bellonne (62)<\/strong>, une personne ne voulait pas du Linky et a barricad\u00e9 le boitier. Le \u00ab\u00a0partenaire Enedis\u00a0\u00bb\u00a0 a pass\u00e9 outre pour mettre le Linky.<\/p>\n<p>A <strong>Flers-en-Escrebieux (59)<\/strong>, la facture d&rsquo;un usager est pass\u00e9e de 150 \u00e0 300 \u20ac ; entre ces deux factures, Linky\u00a0 avait \u00e9t\u00e9 install\u00e9 !<\/p>\n<p style=\"text-align: center;\"><strong><span style=\"font-size: 18pt;\">T\u00e9moignages recueillies lors du <\/span><\/strong><\/p>\n<p style=\"text-align: center;\"><strong><span style=\"font-size: 18pt;\">rassemblement de Lens le 6 octobre<\/span><\/strong><\/p>\n<p style=\"text-align: justify;\">Nous avons recueilli 10 t\u00e9moignages \u00e9crits, avec noms et adresses, d&rsquo;autres devraient nous parvenir en d\u00e9but de semaine.<\/p>\n<p style=\"text-align: justify;\">\u00a0 * 3 pour poses forc\u00e9es sur compteurs \u00e0 l&rsquo;ext\u00e9rieur, et demande de retour \u00e0 l&rsquo;ancien compteur.<\/p>\n<p style=\"text-align: justify;\">\u00a0 * 5 pour harc\u00e8lement par t\u00e9l\u00e9phone ou par courriers.<\/p>\n<p style=\"text-align: justify;\">\u00a0 * 2 pour \u00e9lectro sensibilit\u00e9 &#8211; le linky ne viendrait qu&rsquo;accentuer leurs malaises.<\/p>\n<p style=\"text-align: justify;\">Aussi parmi ces t\u00e9moignages:<\/p>\n<p style=\"text-align: justify;\">&#8211; une personne a interdit au technicien l&rsquo;intervention sur son compteur ext\u00e9rieur. Elle a suivi ce technicien pour l&#8217;emp\u00eacher d&rsquo;agir l\u00e0 o\u00f9 le compteur \u00e9tait refus\u00e9.<\/p>\n<p style=\"text-align: justify;\">Quelques temps apr\u00e8s, elle \u00e9tait convoqu\u00e9e au commissariat: &#8211; une d\u00e9claration \u00e9crite par le fonctionnaire (refus de signature par l&rsquo;usager) + prise des empreintes digitales &#8230;<\/p>\n<p style=\"text-align: justify;\">\u00a0&#8211; une personne poss\u00e8de des panneaux photovolta\u00efques, pour l&rsquo;instant un seul compteur m\u00e9canique. Enedis affirme qu&rsquo;il lui faudra 2 compteurs Linky.\u00a0 &#8230;. ?<\/p>\n<p style=\"text-align: center;\">***********\u00a0\u00a0\u00a0\u00a0\u00a0\u00a0\u00a0\u00a0\u00a0\u00a0\u00a0 *****************<\/p>\n<p style=\"text-align: center;\"><span style=\"font-size: 18pt;\"><strong><span style=\"font-family: arial black, sans-serif;\">T\u00e9moignage d&rsquo;un lillois<\/span> <\/strong><\/span><\/p>\n<p style=\"text-align: left;\"><span style=\"font-size: 14pt;\"><strong>En date du 27 ao\u00fbt 2018<\/strong><\/span><\/p>\n<p>Un vrai scandale ces compteurs.<\/p>\n<p>Avant changement, on peut faire fonctionner plusieurs plaques de cuisson, micro-onde, cumulus.. Apr\u00e8s changement, disjoncteur saute.. Soit disant pour limiter et faire \u00e9conomies&#8230; Il faut bien s\u00fbr augmenter la puissance si on ne veut plus de probl\u00e8me\u2026 C&rsquo;est l&rsquo;exemple pour notre r\u00e9sidente de vacances alors que jamais aucun probl\u00e8me avec le vieux compteur.<\/p>\n<p style=\"text-align: center;\">***************** **********<\/p>\n<p style=\"text-align: center;\"><span style=\"font-family: arial black, sans-serif; font-size: 18pt;\"><strong>Lettre au Maire de Lauwin-Planque<\/strong><\/span><\/p>\n<p style=\"text-align: justify;\">Envoy\u00e9e en juin 2018<\/p>\n<p style=\"text-align: justify;\">Par ce courrier, nous tenons \u00e0 vous informer que, le 6 juin en d\u00e9but d\u2019apr\u00e8s-midi, nous avons eu le passage d\u2019un employ\u00e9 de la soci\u00e9t\u00e9 mandat\u00e9e par Enedis souhaitant nous installer le compteur Linky. Vu notre refus, il s\u2019est montr\u00e9 tr\u00e8s agressif, nous mena\u00e7ant que l\u2019on allait nous baisser l\u2019intensit\u00e9 de notre compteur qui pourrait disjoncter dans ce cas.<br \/>\nNous l\u2019avons inform\u00e9 de nos courriers \u00e0 la soci\u00e9t\u00e9 et \u00e0 vous Mr le Maire, les pr\u00e9venant de notre refus de ce compteur, d\u2019autant que l\u2019installation est dans une chambre.<\/p>\n<p style=\"text-align: justify;\">I la donc pris des photos de notre maison et est parti en disant qu\u2019il ne perdait pas de temps \u00e0 parler avec des gens comme nous\u00a0 \u2026<br \/>\nCeci nous parait scandaleux.<br \/>\nNous vous prions \u2026<\/p>\n<h5 style=\"text-align: justify;\"><em>Commentaire \u00e0 ce courrier : le maire n&rsquo;a pas daign\u00e9 r\u00e9pondre !<\/em><\/h5>\n<p style=\"text-align: center;\"><img loading=\"lazy\" decoding=\"async\" class=\"alignnone size-full wp-image-967\" src=\"https:\/\/collectif-accad.fr\/site\/wp-content\/uploads\/2018\/08\/PasObligatoire-180807-2.jpg\" alt=\"\" width=\"300\" height=\"505\" srcset=\"https:\/\/collectif-accad.fr\/site\/wp-content\/uploads\/2018\/08\/PasObligatoire-180807-2.jpg 300w, https:\/\/collectif-accad.fr\/site\/wp-content\/uploads\/2018\/08\/PasObligatoire-180807-2-178x300.jpg 178w\" sizes=\"auto, (max-width: 300px) 100vw, 300px\" \/><\/p>\n","protected":false},"excerpt":{"rendered":"<p>Le point sur les t\u00e9moignages En date du 29 octobre T\u00e9moignages 181029 Nouveaux t\u00e9moignages connus le 08 octobre 18 A Noyelles-sous-Bellonne (62), une personne ne voulait pas du Linky et a barricad\u00e9 le boitier. Le \u00ab\u00a0partenaire Enedis\u00a0\u00bb\u00a0 a pass\u00e9 outre pour mettre le Linky. A Flers-en-Escrebieux (59), la facture d&rsquo;un usager est pass\u00e9e de 150 &hellip; <a href=\"https:\/\/collectif-accad.fr\/site\/nos-actions\/temoignages\/dans-la-region\/\" class=\"more-link\">Continuer la lecture de <span class=\"screen-reader-text\">Dans la r\u00e9gion<\/span><\/a><\/p>\n","protected":false},"author":4,"featured_media":0,"parent":376,"menu_order":0,"comment_status":"closed","ping_status":"closed","template":"","meta":{"footnotes":""},"class_list":["post-964","page","type-page","status-publish","hentry"],"_links":{"self":[{"href":"https:\/\/collectif-accad.fr\/site\/wp-json\/wp\/v2\/pages\/964","targetHints":{"allow":["GET"]}}],"collection":[{"href":"https:\/\/collectif-accad.fr\/site\/wp-json\/wp\/v2\/pages"}],"about":[{"href":"https:\/\/collectif-accad.fr\/site\/wp-json\/wp\/v2\/types\/page"}],"author":[{"embeddable":true,"href":"https:\/\/collectif-accad.fr\/site\/wp-json\/wp\/v2\/users\/4"}],"replies":[{"embeddable":true,"href":"https:\/\/collectif-accad.fr\/site\/wp-json\/wp\/v2\/comments?post=964"}],"version-history":[{"count":13,"href":"https:\/\/collectif-accad.fr\/site\/wp-json\/wp\/v2\/pages\/964\/revisions"}],"predecessor-version":[{"id":2097,"href":"https:\/\/collectif-accad.fr\/site\/wp-json\/wp\/v2\/pages\/964\/revisions\/2097"}],"up":[{"embeddable":true,"href":"https:\/\/collectif-accad.fr\/site\/wp-json\/wp\/v2\/pages\/376"}],"wp:attachment":[{"href":"https:\/\/collectif-accad.fr\/site\/wp-json\/wp\/v2\/media?parent=964"}],"curies":[{"name":"wp","href":"https:\/\/api.w.org\/{rel}","templated":true}]}}