{"id":765,"date":"2018-08-04T08:40:54","date_gmt":"2018-08-04T06:40:54","guid":{"rendered":"https:\/\/collectif-accad.fr\/site\/?page_id=765"},"modified":"2018-09-27T08:05:07","modified_gmt":"2018-09-27T06:05:07","slug":"poses-forcees","status":"publish","type":"page","link":"https:\/\/collectif-accad.fr\/site\/enedis\/poses-forcees\/","title":{"rendered":"Poses forc\u00e9es"},"content":{"rendered":"<p style=\"text-align: center;\"><strong><span style=\"font-family: arial black, sans-serif; font-size: 18pt;\">Exemples avec \u00a0deux vid\u00e9os<\/span><br \/>\n<\/strong><\/p>\n<p style=\"text-align: justify;\"><a href=\"https:\/\/www.youtube.com\/watch?v=ZY7EuIwRLcA\">https:\/\/www.youtube.com\/watch?v=ZY7EuIwRLcA<\/a><\/p>\n<p style=\"text-align: justify;\"><a href=\"https:\/\/www.youtube.com\/watch?v=7oO1XYNu_lE\">https:\/\/www.youtube.com\/watch?v=7oO1XYNu_lE<\/a><\/p>\n<p style=\"text-align: center;\">*********\u00a0\u00a0\u00a0 **********<\/p>\n<p style=\"text-align: justify;\"><strong>Il faudra revenir sur les pratiques du \u00ab\u00a0partenaire d\u2019Enedis\u00a0\u00bb -5COM<\/strong>&#8211; \u00e0 Lauwin-Planque et Douai depuis le mois de mai. C\u2019est trop scandaleux pour que l\u2019on laisse passer ces vandalismes pour forcer la pose des compteurs. Cela fera l\u2019objet d\u2019un article sp\u00e9cifique.<\/p>\n<p style=\"text-align: center;\"><img loading=\"lazy\" decoding=\"async\" class=\"alignnone size-full wp-image-1594\" src=\"https:\/\/collectif-accad.fr\/site\/wp-content\/uploads\/2018\/09\/Lauwin_5COM-1906.jpg\" alt=\"\" width=\"761\" height=\"793\" srcset=\"https:\/\/collectif-accad.fr\/site\/wp-content\/uploads\/2018\/09\/Lauwin_5COM-1906.jpg 761w, https:\/\/collectif-accad.fr\/site\/wp-content\/uploads\/2018\/09\/Lauwin_5COM-1906-288x300.jpg 288w\" sizes=\"auto, (max-width: 761px) 100vw, 761px\" \/><\/p>\n<p style=\"text-align: center;\">*************\u00a0\u00a0\u00a0\u00a0\u00a0\u00a0\u00a0\u00a0\u00a0\u00a0\u00a0 *************<\/p>\n<p style=\"text-align: justify;\">La loi de la transition \u00e9nerg\u00e9tique recommande les compteurs communicants mais en aucun cas les impose ! \u00ab Le refus de remplacement d\u2019un compteur par un particulier est possible. \u00bb Nicolas Hulot Ministre d\u2019\u00c9tat<\/p>\n<p style=\"text-align: justify;\">La destruction de ces protections constitue une atteinte aux biens priv\u00e9s de l\u2019usager, causant \u00ab\u00a0un dommage\u00a0\u00bb, cela constitue une \u00ab\u00a0agression\u00a0\u00bb \u00e0 laquelle on ne peut pas adh\u00e9rer puisque c&rsquo;est\u00a0une <u>r\u00e9action proportionn\u00e9e et n\u00e9cessaire, en \u00e9tat de l\u00e9gitime d\u00e9fense\u2026<\/u><\/p>\n<p style=\"text-align: justify;\">Les \u00ab\u00a0partenaires d\u2019Enedis\u00a0\u00bb n\u2019ont pas le droit de mettre un nouveau compteur quand la personne concern\u00e9e a bien \u00e9crit (\u00e0 Enedis et sur son boitier) qu\u2019elle ne voulait pas de ce changement.<\/p>\n<p style=\"text-align: justify;\">Les milices d&rsquo;Enedis n&rsquo;ont absolument pas le droit de casser le mat\u00e9riel (cha\u00eenes cadenas barres briques etc&#8230;)<\/p>\n<p style=\"text-align: justify;\">La destruction, la d\u00e9gradation ou la d\u00e9t\u00e9rioration d&rsquo;un bien appartenant \u00e0 autrui est punie de deux ans d&#8217;emprisonnement et de 30 000\u20ac d&rsquo;amende\u00a0\u00bb.<\/p>\n<p style=\"text-align: justify;\">Article 322-1 du code p\u00e9nal, modifi\u00e9 par loi n\u00b02002-1138 du 9 septembre 2002 \u2013 art 24 JORF 10 septembre 2002<\/p>\n<p style=\"text-align: center;\">**************\u00a0\u00a0\u00a0\u00a0\u00a0\u00a0\u00a0\u00a0\u00a0\u00a0\u00a0 ***************<\/p>\n<p style=\"text-align: justify;\">Il est possible d\u2019attaquer et gagner en justice contre Enedis.<br \/>\nPour en savoir plus\u00a0:<\/p>\n<p style=\"text-align: justify;\"><a href=\"https:\/\/collectif-accad.fr\/site\/wp-content\/uploads\/2018\/08\/Lois-\u00e0-opposer-aux-poses-forc\u00e9es.doc\">Lois \u00e0 opposer aux poses forc\u00e9es<\/a><\/p>\n<p style=\"text-align: justify;\">Un autre document\u00a0:<\/p>\n<p style=\"text-align: justify;\"><a href=\"https:\/\/collectif-accad.fr\/site\/wp-content\/uploads\/2018\/08\/15_infractions-\u00e0-la-Loi.pdf\">15_infractions-\u00e0-la-Loi<\/a><\/p>\n<p style=\"text-align: justify;\">Un exemple de lettre de mise en demeure suite \u00e0 une pose forc\u00e9e \u2013\u00e0 modifier en fonction du litige<\/p>\n<p style=\"text-align: justify;\"><a href=\"https:\/\/collectif-accad.fr\/site\/wp-content\/uploads\/2018\/08\/Lettre_poseForcee.pdf\">Lettre_poseForcee<\/a><\/p>\n<p style=\"text-align: center;\">********\u00a0\u00a0\u00a0\u00a0\u00a0\u00a0\u00a0\u00a0\u00a0\u00a0\u00a0\u00a0\u00a0 **********<\/p>\n<p style=\"text-align: center;\"><strong>Le Linky et les hors-la-loi<\/strong><\/p>\n<p style=\"text-align: justify;\"><u><a href=\"http:\/\/emovmouvement.eklablog.com\/\">http:\/\/emovmouvement.eklablog.com\/<\/a>\u00a0\u00a0 <\/u><\/p>\n<p style=\"text-align: justify;\"><strong>Un t\u00e9moignage<\/strong><\/p>\n<p style=\"text-align: justify;\">Mandat\u00e9 par le Conseil syndical de copropri\u00e9t\u00e9, j\u2019\u00e9voque ici <strong>une violation de domicile avec effraction perp\u00e9tr\u00e9e au 1 rue Fontaine et dat\u00e9e du 21 mars dernier. <\/strong>Cela fera \u00e9cho \u00e0 un article r\u00e9cent du <em>JSD <\/em>qui constatait qu\u2019\u00e0 Saint Denis d\u00e9j\u00e0 78% des compteurs \u00e9lectriques sont remplac\u00e9s par le Linky ! Un pourcentage \u00e9tonnant quand on sait que partout la controverse reste vive.<\/p>\n<p style=\"text-align: justify;\">On cherche alors \u00e0 comprendre : l\u2019indiff\u00e9rence ou la r\u00e9signation auraient-elles gagn\u00e9 les Dionysiens et leur municipalit\u00e9, notamment apr\u00e8s l\u2019annulation par la justice du moratoire de 2016 ? <em>Le Parisien <\/em>\u00e9crivait pourtant en d\u00e9cembre 2017 que la ville restait \u00ab <em>attentive \u00e0 la question du d\u00e9ploiement du Linky <\/em>\u00bb, se r\u00e9servant \u00ab <em>de recourir \u00e0 tous les moyens de droit pour prot\u00e9ger les habitants<\/em>\u00bb. C\u2019est ce que d\u2019autres villes ont fait et font encore en organisant le d\u00e9bat et en exprimant r\u00e9serves ou refus par d\u2019autres voies que le moratoire, le z\u00e8le de la justice tendant ici, de fait, \u00e0 b\u00e2illonner toute critique du Linky alors m\u00eame que la confusion r\u00e8gne dans les textes et dans les d\u00e9clarations autoris\u00e9es : <strong>en novembre dernier par exemple, le ministre Hulot annon\u00e7ait que le Linky n\u2019est pas si dangereux et\u2026 qu\u2019il n\u2019est pas obligatoire.<\/strong><\/p>\n<p style=\"text-align: justify;\">Dans la m\u00eame p\u00e9riode, au cours de deux longues s\u00e9ances de travail, un examen s\u00e9rieux des informations contradictoires qui circulent au sujet de ce compteur a conduit notre conseil syndical \u00e0 douter beaucoup et \u00e0 proposer de s&rsquo;abstenir. <strong>Les copropri\u00e9taires inform\u00e9s purent choisir le refus imm\u00e9diat ou le renvoi de leur d\u00e9cision au lendemain de l&rsquo;AG de juin 2018<\/strong>. La lettre de refus ou de demande de report fut adress\u00e9e en novembre et d\u00e9cembre \u00e0 ENEDIS et \u00e0 EDF accompagn\u00e9e de l\u2019argumentaire et en recommand\u00e9 avec A\/R. Des confirmations verbales s\u2019ajout\u00e8rent au courrier quand ENEDIS ou MYFOWO, sous-traitant choisi par ENEDIS, insistaient par t\u00e9l\u00e9phone.<\/p>\n<p style=\"text-align: justify;\"><strong>Mais le 21 mars dernier, entre 12h et 14h30, deux techniciens de MYFOWO s\u2019infiltr\u00e8rent quand m\u00eame dans l&rsquo;immeuble pour proc\u00e9der \u00e0 l\u2019installation forc\u00e9e de huit compteurs LINKY en d\u00e9truisant pour ce faire la porte d\u2019un local priv\u00e9 ferm\u00e9 \u00e0 cl\u00e9.<\/strong><\/p>\n<p style=\"text-align: justify;\">Au m\u00e9pris de nos courriers \u00e9labor\u00e9s avec s\u00e9rieux, <strong>l\u2019installation forc\u00e9e du Linky au 1 rue Fontaine rappelle davantage le mode op\u00e9ratoire des braqueurs de banque que l\u2019intervention technique<\/strong>, et on sait qu\u2019elle n\u2019est pas une exception.<\/p>\n<p style=\"text-align: justify;\">Parler des inconv\u00e9nients du Linky implique donc qu\u2019on \u00e9voque aussi les m\u00e9thodes mises en oeuvre pour nous imposer sa technologie.<\/p>\n<p style=\"text-align: justify;\"><strong>Soutenus par notre syndic, nous avons port\u00e9 plainte pour violation de domicile avec effraction et destruction de bien priv\u00e9.<\/strong><\/p>\n<p style=\"text-align: justify;\">\n","protected":false},"excerpt":{"rendered":"<p>Exemples avec \u00a0deux vid\u00e9os https:\/\/www.youtube.com\/watch?v=ZY7EuIwRLcA https:\/\/www.youtube.com\/watch?v=7oO1XYNu_lE *********\u00a0\u00a0\u00a0 ********** Il faudra revenir sur les pratiques du \u00ab\u00a0partenaire d\u2019Enedis\u00a0\u00bb -5COM&#8211; \u00e0 Lauwin-Planque et Douai depuis le mois de mai. C\u2019est trop scandaleux pour que l\u2019on laisse passer ces vandalismes pour forcer la pose des compteurs. Cela fera l\u2019objet d\u2019un article sp\u00e9cifique. *************\u00a0\u00a0\u00a0\u00a0\u00a0\u00a0\u00a0\u00a0\u00a0\u00a0\u00a0 ************* La loi de la &hellip; <a href=\"https:\/\/collectif-accad.fr\/site\/enedis\/poses-forcees\/\" class=\"more-link\">Continuer la lecture de <span class=\"screen-reader-text\">Poses forc\u00e9es<\/span><\/a><\/p>\n","protected":false},"author":4,"featured_media":0,"parent":157,"menu_order":0,"comment_status":"closed","ping_status":"closed","template":"","meta":{"footnotes":""},"class_list":["post-765","page","type-page","status-publish","hentry"],"_links":{"self":[{"href":"https:\/\/collectif-accad.fr\/site\/wp-json\/wp\/v2\/pages\/765","targetHints":{"allow":["GET"]}}],"collection":[{"href":"https:\/\/collectif-accad.fr\/site\/wp-json\/wp\/v2\/pages"}],"about":[{"href":"https:\/\/collectif-accad.fr\/site\/wp-json\/wp\/v2\/types\/page"}],"author":[{"embeddable":true,"href":"https:\/\/collectif-accad.fr\/site\/wp-json\/wp\/v2\/users\/4"}],"replies":[{"embeddable":true,"href":"https:\/\/collectif-accad.fr\/site\/wp-json\/wp\/v2\/comments?post=765"}],"version-history":[{"count":6,"href":"https:\/\/collectif-accad.fr\/site\/wp-json\/wp\/v2\/pages\/765\/revisions"}],"predecessor-version":[{"id":1595,"href":"https:\/\/collectif-accad.fr\/site\/wp-json\/wp\/v2\/pages\/765\/revisions\/1595"}],"up":[{"embeddable":true,"href":"https:\/\/collectif-accad.fr\/site\/wp-json\/wp\/v2\/pages\/157"}],"wp:attachment":[{"href":"https:\/\/collectif-accad.fr\/site\/wp-json\/wp\/v2\/media?parent=765"}],"curies":[{"name":"wp","href":"https:\/\/api.w.org\/{rel}","templated":true}]}}