{"id":667,"date":"2018-08-01T15:27:34","date_gmt":"2018-08-01T13:27:34","guid":{"rendered":"https:\/\/collectif-accad.fr\/site\/?page_id=667"},"modified":"2018-10-10T09:13:18","modified_gmt":"2018-10-10T07:13:18","slug":"ehs-et-ondes","status":"publish","type":"page","link":"https:\/\/collectif-accad.fr\/site\/refuser-linky\/ehs-et-ondes\/","title":{"rendered":"EHS et ondes"},"content":{"rendered":"<p style=\"text-align: center;\"><span style=\"font-family: arial black, sans-serif; font-size: 18pt;\">\u00a0Electro Hyper sensibilit\u00e9 (EHS)<\/span><\/p>\n<p style=\"text-align: center;\"><span style=\"font-family: verdana, geneva, sans-serif; font-size: 14pt;\"> ou Hypersensibilit\u00e9 \u00e9lectromagn\u00e9tique \u2013 <\/span><\/p>\n<p style=\"text-align: justify;\">Pathologie handicapante dont le d\u00e9veloppement est en acc\u00e9l\u00e9ration rapide et dont le principal contributeur est le groupe de technologies du type T\u00e9l\u00e9phonie Mobile, dont font partie l\u2019UMTS, le WIFI, le WIMAX, le BLUETOOTH, etc\u2026<\/p>\n<p style=\"text-align: justify;\"><strong>Pour en savoir plus\u00a0:<\/strong><\/p>\n<p style=\"text-align: justify;\"><a href=\"https:\/\/www.robindestoits.org\/L-electrosensibilite-EHS-et-SICEM_r55.html\">https:\/\/www.robindestoits.org\/L-electrosensibilite-EHS-et-SICEM_r55.html<\/a><\/p>\n<p style=\"text-align: center;\">**************\u00a0\u00a0\u00a0\u00a0\u00a0\u00a0 **************<\/p>\n<p><strong>Acouph\u00e8nes, migraines et malaises. Patrick a vu sa vie bris\u00e9e par l\u2019\u00e9lectro-hypersensibilit\u00e9<\/strong><\/p>\n<p style=\"text-align: justify;\">Le Rennais souffre depuis plusieurs mois. Selon lui, c\u2019est son compteur Linky qui a d\u00e9clench\u00e9 ses maux et ceux de sa compagne\u2026<\/p>\n<p style=\"text-align: justify;\"><a href=\"https:\/\/www.20minutes.fr\/sante\/2337447-2080916-rennes-acouphenes-migraines-malaises-patrick-vu-vie-brisee-electro-hypersensibilite\">https:\/\/www.20minutes.fr\/sante\/2337447-2080916-rennes<\/a><\/p>\n<p style=\"text-align: center;\">**********\u00a0\u00a0\u00a0\u00a0\u00a0\u00a0\u00a0\u00a0\u00a0\u00a0\u00a0 ******************<\/p>\n<p style=\"text-align: justify;\">Les travaux pionniers de l\u2019ARTAC \u00a0(<a href=\"http:\/\/www.artac.info\/\">http:\/\/www.artac.info\/<\/a>) ont permis de d\u00e9crire m\u00e9dicalement l&rsquo;intol\u00e9rance aux champs \u00e9lectromagn\u00e9tiques sous le terme de <em><strong>Syndrome d\u2019intol\u00e9rance aux champs \u00e9lectromagn\u00e9tiques<\/strong><\/em> (SICEM).<\/p>\n<p style=\"text-align: justify;\">Pour en savoir plus\u00a0:<\/p>\n<p style=\"text-align: justify;\"><strong><a href=\"http:\/\/www.ehs-mcs.org\/fr\/liens-utiles_47.html\">http:\/\/www.ehs-mcs.org\/fr\/liens-utiles_47.html<\/a> <\/strong><\/p>\n<p style=\"text-align: center;\">*************\u00a0\u00a0\u00a0\u00a0\u00a0\u00a0\u00a0\u00a0\u00a0\u00a0\u00a0 ***************<\/p>\n<p style=\"text-align: center;\">T\u00e9moignage<\/p>\n<p><strong>Elle est EHS (\u00e9lectrohypersensible)\u00a0; le Linky lui prend la t\u00eate<\/strong><\/p>\n<p><a href=\"https:\/\/www.ladepeche.fr\/article\/2017\/10\/26\/2672784-le-compteur-lui-prend-la-tete.html\">https:\/\/www.ladepeche.fr\/article\/2017\/10\/26\/2672784-le-com<\/a><\/p>\n<p style=\"text-align: center;\">***********\u00a0\u00a0\u00a0\u00a0\u00a0\u00a0\u00a0\u00a0\u00a0\u00a0 *************<\/p>\n<p style=\"text-align: justify;\"><strong>EHS, qu\u2019est-ce que c\u2019est ?<\/strong><\/p>\n<p style=\"text-align: justify;\">Parlons d\u2019abord des <strong>sympt\u00f4mes<\/strong> :<\/p>\n<ul style=\"text-align: justify;\">\n<li>Douleurs plus ou moins importantes au cerveau<\/li>\n<li>Perte d\u2019\u00e9quilibre et chutes<\/li>\n<li>Br\u00fblures au visage ou sur les bras et cela devant un ordinateur en fonctionnement<\/li>\n<li>Tachycardie en pr\u00e9sence d\u2019antennes ou dans des lieux ou l\u2019\u00e9lectrosmog est intense<\/li>\n<li>Fatigue intense<\/li>\n<li>Probl\u00e8me de sommeil<\/li>\n<li>Acouph\u00e8nes \u2026<\/li>\n<\/ul>\n<p style=\"text-align: justify;\">Ces sympt\u00f4mes apparaissent au bout d\u2019un certain temps d\u2019exposition, variable d\u2019une personne \u00e0 l\u2019autre, 5mn \u00e0 1 heure et disparaissent en fonction du degr\u00e9 d\u2019atteinte (jusqu\u2019\u00e0 48 heures de douleurs intenses pour les plus atteints)<\/p>\n<p style=\"text-align: justify;\">Il est impossible pour une personne EHS de rester pr\u00e8s d\u2019une antenne, d\u2019un tel portable, du Wi-Fi, Bluetooth \u2026.<\/p>\n<p style=\"text-align: justify;\">Certaines personnes tr\u00e8s EHS sont exclues de notre soci\u00e9t\u00e9, car elles ne supportent m\u00eame plus les lieux \u00e9lectrifi\u00e9s.<\/p>\n<p style=\"text-align: justify;\">Cela a pour <strong>cons\u00e9quences<\/strong> imm\u00e9diates :<\/p>\n<ul style=\"text-align: justify;\">\n<li>La perte de leur travail et donc de leur salaire<\/li>\n<li>La perte de leurs relations professionnelles et souvent amicales car les personnes amies ne comprennent pas le probl\u00e8me.<\/li>\n<li>L\u2019isolement devient plus ou moins total.<\/li>\n<li>Et en cas extr\u00eame la perte de leur habitat les poussant \u00e0 vivre en for\u00eat.<\/li>\n<\/ul>\n<p style=\"text-align: justify;\">Pour ma part, le niveau d\u2019atteinte ne me permet plus :<\/p>\n<ul style=\"text-align: justify;\">\n<li>d\u2019avoir un t\u00e9l\u00e9phone portable<\/li>\n<li>de regarder la t\u00e9l\u00e9vision<\/li>\n<li>Nous avons remplac\u00e9 le DECT par un t\u00e9l\u00e9phone \u00e0 fil fixe<\/li>\n<li>Nous avons c\u00e2bl\u00e9 avec un c\u00e2ble ETHERNET de la box \u00e0 l\u2019ordinateur<\/li>\n<li>Nous n\u2019avons donc pas de Wi-Fi, pas d\u2019objets connect\u00e9s quels qu\u2019ils soient<\/li>\n<li>Nous n\u2019avons aucun appareil qui \u00e9met des ondes dans la chambre et le courant est coup\u00e9 au compteur (pour la chambre)<\/li>\n<li>Je ne peux plus prendre le train pas plus que l\u2019avion<br \/>\nJe ne peux pas dormir \u00e0 l\u2019h\u00f4tel ou en chambre d\u2019h\u00f4tes<\/li>\n<li>Les courses en ville sont tr\u00e8s r\u00e9duites.<\/li>\n<\/ul>\n<p style=\"text-align: justify;\">mais aussi :<\/p>\n<ul style=\"text-align: justify;\">\n<li>plus de parfum, plus de shampooing, plus de produits lavant parfum\u00e9s, sans rajouts<\/li>\n<li>allergisants, produits de soins les plus naturels possible, plus de teinture\u2026<\/li>\n<li>Dans la maison : entretien au savon noir, vinaigre blanc, bicarbonate de soude etc\u2026<\/li>\n<li>Pas de meubles neufs, pas de voiture neuve etc\u2026<\/li>\n<\/ul>\n<p style=\"text-align: justify;\">Pourquoi ?<\/p>\n<p style=\"text-align: justify;\"><strong>MCS (ChimicoSensibilit\u00e9Multiple)<\/strong> et EHS sont les deux versants de la m\u00eame maladie<\/p>\n<p style=\"text-align: justify;\">MCS : Allergie, incompatibilit\u00e9 \u00e0 vivre l\u00e0 o\u00f9 il y a des produits chimiques : (Peintures, parfums, colorants, pesticides, produits stop-feu\u2026.etc.)<\/p>\n<p style=\"text-align: justify;\">On peut basculer d\u2019une atteinte \u00e0 l\u2019autre sans pr\u00e9avis.<\/p>\n<p style=\"text-align: justify;\">On peut m\u00eame \u00eatre atteint des deux probl\u00e8mes en m\u00eame temps.<\/p>\n<p style=\"text-align: justify;\">Le Professeur BELPOMME oncologue chercheur a publi\u00e9 en novembre2015, le r\u00e9sultat de ses recherches aupr\u00e8s de 1216 personnes EHS ou MCS. Il a d\u00e9montr\u00e9 qu\u2019EHS et MCS pr\u00e9sentent les m\u00eames sympt\u00f4mes :<\/p>\n<ul style=\"text-align: justify;\">\n<li>Stress oxydant li\u00e9 \u00e0 une inflammation des neurones<\/li>\n<li>Hyper histamin\u00e9mie<\/li>\n<li>Ouverture de la barri\u00e8re h\u00e9mato-enc\u00e9phalique<\/li>\n<li>Hypo perfusion de la r\u00e9gion capsulo-talamique (probl\u00e8me d\u2019oxyg\u00e9nation du cerveau : maladie d\u2019Alzheimer !)<\/li>\n<li>D\u00e9ficit en m\u00e9latonine ou au contraire augmentation de la m\u00e9latonine.<\/li>\n<\/ul>\n<p style=\"text-align: justify;\">Un diagnostic pour cette maladie est donc possible !<\/p>\n<ul style=\"text-align: justify;\">\n<li>Par analyse de sang (taux d\u2019histamine, marqueurs de stress oxydatifs dont la nytrotirosine)<\/li>\n<li>Par analyse d\u2019urine (m\u00e9latonine, marqueurs de stress)<\/li>\n<li>Radio du cerveau (Enc\u00e9phaloscan puls\u00e9)\u00a0; or nous constatons tous, nous EHS, que lors de s\u00e9jours prolong\u00e9s dans des zones blanches c\u2019est-\u00e0-dire d\u00e9pourvues d\u2019ondes \u00e9lectromagn\u00e9tiques artificielles, nous n\u2019avons pas de probl\u00e8mes de sant\u00e9 !<\/li>\n<\/ul>\n<p style=\"text-align: justify;\"><strong>On ne peut et ne doit pas \u00e9chapper au compteur \u00ab Linky \u00bb ?<\/strong><\/p>\n<p style=\"text-align: justify;\">Un portable, on peut choisir de ne pas en avoir.<\/p>\n<p style=\"text-align: justify;\">On peut \u00ab choisir \u00bb de vivre dans une maison non \u00e9lectrifi\u00e9e loin d\u2019un village, dans les bois !<\/p>\n<p style=\"text-align: justify;\">Mais on ne peut et ne doit pas, parait-il, \u00e9chapper au compteur \u00ab Linky \u00bb \u00e0 sa pose et ensuite \u00e0 son champ \u00e9lectromagn\u00e9tique 24 heures \/24, ni \u00e9chapper aux r\u00e9p\u00e9titeurs et concentrateurs qui le rendent op\u00e9rationnel et qui fonctionnent en ondes puls\u00e9es !<\/p>\n<p style=\"text-align: justify;\">On ne peut pas non plus, m\u00eame sans compteur, \u00e9chapper au CPL (Courant Porteur en Ligne) qui circulera d\u2019une maison \u00e0 l\u2019autre afin de transporter les informations inh\u00e9rentes \u00e0 nos consommations.<\/p>\n<p style=\"text-align: justify;\">Notre circuit \u00e9lectrique, dans nos maisons, install\u00e9 pour recevoir du courant \u00e9lectrique alternatif de 50 Hertz va recevoir du courant de fr\u00e9quence 70KHZ sans blindage (la fr\u00e9quence \u00e9tant multipli\u00e9e par 1000) qui cr\u00e9era des champs \u00e9lectromagn\u00e9tiques dans chaque pi\u00e8ces (y compris les chambres) que nous ne pourrons pas supporter !<\/p>\n<p style=\"text-align: justify;\">Or notre \u00e9quilibre physiologique de \u00ab bien portant \u00bb est d\u00e9stabilis\u00e9 par le contact avec des champs \u00e9lectromagn\u00e9tiques de faible intensit\u00e9, mais permanents, d\u2019o\u00f9 les nombreux cancers (neurinomes, gliomes, leuc\u00e9mie \u2026)<\/p>\n<p style=\"text-align: justify;\">Les EHS et MCS ne pourront pas vivre dans ces lieux qui provoqueront d\u2019autres EHS par leur concentration en \u00e9lectro smog (Linky, Gaspar, Aquarius, r\u00e9p\u00e9titeurs, concentrateurs 24 h \/24, rajout\u00e9 \u00e0 l\u2019\u00e9lectro smog existant \u00ab gr\u00e2ce \u00bb aux technologies de la t\u00e9l\u00e9phonie mobile)<\/p>\n<p style=\"text-align: justify;\">Trop c\u2019est trop ! C\u2019est infernal ! C\u2019est invivable !<\/p>\n<p style=\"text-align: justify;\">Nous revendiquons l\u2019arr\u00eat du d\u00e9ploiement du \u00ab Linky\u00bb.<\/p>\n<p style=\"text-align: justify;\"><strong>Le droit de vivre, tout simplement<\/strong><\/p>\n<p style=\"text-align: justify;\">Nous avons le droit de vivre, ou de survivre, tout simplement.<\/p>\n<p style=\"text-align: justify;\">La majorit\u00e9 de la population revendique une couverture totale du territoire, pour son \u00ab bien-\u00eatre \u00bb, pour communiquer vite et bien, parait-il (ce dont on peut douter quand on voit la soci\u00e9t\u00e9 envahie, court-circuit\u00e9e dans ses moindres actes par ce gadget)<\/p>\n<p style=\"text-align: justify;\">Nous, nous revendiquons, des zones blanches, pour survivre, pour nous reposer et r\u00e9cup\u00e9rer !<\/p>\n<p style=\"text-align: justify;\"><strong>Je vous conseille le livre de Martin Blank, <span style=\"color: #ff0000;\"><em>Ces ondes qui nous entourent<\/em><\/span><\/strong><\/p>\n<p style=\"text-align: justify;\">Ce scientifique am\u00e9ricain, travaillant depuis 30 ans sur les effets des ondes \u00e9lectromagn\u00e9tiques artificielles a fait une d\u00e9claration en ouverture de cession \u00e0 l\u2019ONU en mai 2015 soutenu par une p\u00e9tition sign\u00e9e par 160 chercheurs. Tous s\u2019\u00e9l\u00e8vent contre les effets toxiques pour notre sant\u00e9 des nouvelles technologies de communication !<\/p>\n<p style=\"text-align: justify;\">Je vous fais part des premi\u00e8res phrases de son intervention :<\/p>\n<p style=\"text-align: justify;\">\u00ab Je suis ici avec des informations d\u00e9rangeantes sur nos gadgets favoris : t\u00e9l\u00e9phones portables, tablettes wifi, compteurs \u00ab intelligents \u00bb. Ils endommagent les cellules vivantes de notre corps et tuent beaucoup d\u2019entre nous pr\u00e9matur\u00e9ment. Nous demandons aujourd\u2019hui que ce probl\u00e8me soit mis \u00e0 l\u2019ordre du jour.<\/p>\n<p style=\"text-align: justify;\">Nous avons cr\u00e9\u00e9 quelque chose qui nous fait du mal et cela devient impossible \u00e0 contr\u00f4ler.<\/p>\n<p style=\"text-align: justify;\">Nos enfants sont en danger !\u00a0\u00bb<\/p>\n<p style=\"text-align: justify;\">Ne croyez pas SVP qu\u2019il n\u2019y a rien de prouv\u00e9, c\u2019est faux ! Il y a pl\u00e9thore de r\u00e9sultats de recherches ind\u00e9pendantes :<\/p>\n<ul style=\"text-align: justify;\">\n<li>Travaux de recherche du Professeur Belpomme : publication de novembre 2015<\/li>\n<li>Rapport \u00ab Bio-Initiative \u00bb<\/li>\n<\/ul>\n<p style=\"text-align: justify;\">1700 publications, 10 auteurs cit\u00e9s en 2007<\/p>\n<p style=\"text-align: justify;\">Chaque publication est en PNC (Publication Non Contredite)<\/p>\n<p style=\"text-align: justify;\">1800 autres travaux publi\u00e9s en 2012 ayant pour th\u00e8mes :<\/p>\n<ul style=\"text-align: justify;\">\n<li>Perturbations de la m\u00e9latonine<\/li>\n<li>Perturbations au niveau du syst\u00e8me immunitaire<\/li>\n<li>Perturbation du syst\u00e8me nerveux central<\/li>\n<li>Perturbation des \u00e9changes membranaires au niveau des cellules<\/li>\n<li>Destruction de la barri\u00e8re h\u00e9mato-enc\u00e9phalique<\/li>\n<li>Effets g\u00e9no-toxiques<\/li>\n<li>Cancers du cerveau et neurinomes acoustiques<\/li>\n<li>Cancers du sein<\/li>\n<\/ul>\n<p style=\"text-align: justify;\">Rapport R\u00e9flex : Professeur Adlkoffer travaux sur la rupture des brins d\u2019ADN sous l\u2019effet des ondes \u00e9lectromagn\u00e9tiques<\/p>\n<p style=\"text-align: justify;\">Rapport Hardell : M\u00e9ta analyse sur les tumeurs du cerveau chez les jeunes utilisateurs du t\u00e9l\u00e9phone portable (2008)<\/p>\n<p style=\"text-align: justify;\">Rapport de Bombay : Effets mortels de la t\u00e9l\u00e9phonie mobile<\/p>\n<p style=\"text-align: justify;\">Rapport Comobio : Professeur Aubineau<\/p>\n<p style=\"text-align: justify;\">Les op\u00e9rateurs les industriels, les scientifiques aussi qui vivent gr\u00e2ce aux nouvelles technologies entretiennent le doute afin de faire perdurer leur profit.<\/p>\n<p style=\"text-align: justify;\"><strong>Le Linky n\u2019\u00e9chappe pas \u00e0 cet effet !<\/strong><\/p>\n<p style=\"text-align: justify;\">Nous assistons aux m\u00eames attitudes du monde industriel et scientifique que pour l\u2019amiante et le tabac !<\/p>\n<p style=\"text-align: justify;\">Or :<\/p>\n<ul style=\"text-align: justify;\">\n<li>Les champs \u00e9lectromagn\u00e9tiques sont d\u00e9clar\u00e9s \u00ab canc\u00e9rog\u00e8nes possible \u00bb depuis 2011 par l\u2019OMS.<br \/>\nLes assurances qui prennent en charge les grandes entreprises (lloyd) refusent d\u2019assurer les risques li\u00e9s aux ondes \u00e9lectromagn\u00e9tiques.<br \/>\nNous avons un principe de pr\u00e9caution dans notre constitution, nous ne l\u2019appliquons m\u00eame pas pour nos enfants !<\/li>\n<\/ul>\n<p style=\"text-align: justify;\"><strong>R\u00e9fl\u00e9chissons<\/strong><\/p>\n<p style=\"text-align: justify;\">Lorsque votre portable ne passe pas<\/p>\n<p style=\"text-align: justify;\">Lorsque la \u00ab couverture \u00bb ne vous semble pas suffisante<\/p>\n<p style=\"text-align: justify;\">Pensez \u00e0 nous et aux futurs \u00ab malades \u00bb<\/p>\n<p style=\"text-align: justify;\">Pensez que des enfants, vos petits-enfants, vos enfants peuvent un jour \u00eatre atteints d\u2019EHS<\/p>\n<p style=\"text-align: justify;\">Cela voudra dire qu\u2019ils n\u2019auront d\u2019\u00e9cole, plus d\u2019\u00e9tude, plus de m\u00e9tier.<\/p>\n<p style=\"text-align: justify;\">Vous- m\u00eame, quelqu\u2019un de votre famille, pouvez \u00eatre atteint !<\/p>\n<p style=\"text-align: justify;\">Moi, je n\u2019\u00e9tais pas EHS. Je le suis devenue en utilisant trop mon portable, en le laissant pr\u00e8s de ma t\u00eate la nuit !<\/p>\n<p style=\"text-align: justify;\">R\u00e9fl\u00e9chissez : le principe de pr\u00e9caution ne rend pas malade : il prot\u00e8ge.<\/p>\n<p style=\"text-align: right;\">Monique Savigny\u00a0; alterondes86@hotmail.com<\/p>\n<p style=\"text-align: justify;\">Monique Savigny est correspondante de l\u2019association \u00ab Robin des toits \u00bb pour la r\u00e9gion de Poitiers, Porte-parole de l\u2019association \u00abAlter-ondes 86 \u00bb (si\u00e8ge \u00e0 Mign\u00e9-Auxances 86440 rue du Qu\u00e9reux : 05 49 51 57 46).<br \/>\nCe sont des associations qui f\u00e9d\u00e8rent les individus et les groupes qui militent pour le maintien de la s\u00e9curit\u00e9 sanitaire des populations expos\u00e9es aux nouvelles technologies de communication (t\u00e9l\u00e9phone portable, Wi-Fi, antennes-relais, Bluetooth, compteurs communicants\u2026)<\/p>\n<p style=\"text-align: justify;\">Nous \u0153uvrons avec l\u2019association de Chauvigny \u00abActif conscience citoyenne \u00bbainsi qu\u2019avec le collectif \u00abstoplinky86 \u00bb\u00a0:<\/p>\n<p style=\"text-align: justify;\"><a href=\"http:\/\/linky86.e-monsite.com\/pages\/ondes-electromagnetiques.html\">http:\/\/linky86.e-monsite.com\/pages\/ondes-electromagnetiques.html<\/a><\/p>\n<p style=\"text-align: justify;\">Nous sommes actuellement 19 personnes EHS dans notre association.<\/p>\n<p style=\"text-align: justify;\"><a href=\"https:\/\/web86.info\/lelectrohypersensibilite-et-le-compteur-linky\/\">https:\/\/web86.info\/lelectrohypersensibilite-et-le-compteur-linky\/<\/a><\/p>\n<p style=\"text-align: center;\"><img loading=\"lazy\" decoding=\"async\" class=\"alignnone size-full wp-image-1839\" src=\"https:\/\/collectif-accad.fr\/site\/wp-content\/uploads\/2018\/10\/Ondes-1809-02.jpg\" alt=\"\" width=\"1073\" height=\"275\" srcset=\"https:\/\/collectif-accad.fr\/site\/wp-content\/uploads\/2018\/10\/Ondes-1809-02.jpg 1073w, https:\/\/collectif-accad.fr\/site\/wp-content\/uploads\/2018\/10\/Ondes-1809-02-300x77.jpg 300w, https:\/\/collectif-accad.fr\/site\/wp-content\/uploads\/2018\/10\/Ondes-1809-02-768x197.jpg 768w, https:\/\/collectif-accad.fr\/site\/wp-content\/uploads\/2018\/10\/Ondes-1809-02-1024x262.jpg 1024w\" sizes=\"auto, (max-width: 1073px) 100vw, 1073px\" \/><\/p>\n<p style=\"text-align: justify;\">\n","protected":false},"excerpt":{"rendered":"<p>\u00a0Electro Hyper sensibilit\u00e9 (EHS) ou Hypersensibilit\u00e9 \u00e9lectromagn\u00e9tique \u2013 Pathologie handicapante dont le d\u00e9veloppement est en acc\u00e9l\u00e9ration rapide et dont le principal contributeur est le groupe de technologies du type T\u00e9l\u00e9phonie Mobile, dont font partie l\u2019UMTS, le WIFI, le WIMAX, le BLUETOOTH, etc\u2026 Pour en savoir plus\u00a0: https:\/\/www.robindestoits.org\/L-electrosensibilite-EHS-et-SICEM_r55.html **************\u00a0\u00a0\u00a0\u00a0\u00a0\u00a0 ************** Acouph\u00e8nes, migraines et malaises. Patrick a &hellip; <a href=\"https:\/\/collectif-accad.fr\/site\/refuser-linky\/ehs-et-ondes\/\" class=\"more-link\">Continuer la lecture de <span class=\"screen-reader-text\">EHS et ondes<\/span><\/a><\/p>\n","protected":false},"author":4,"featured_media":0,"parent":132,"menu_order":0,"comment_status":"closed","ping_status":"closed","template":"","meta":{"footnotes":""},"class_list":["post-667","page","type-page","status-publish","hentry"],"_links":{"self":[{"href":"https:\/\/collectif-accad.fr\/site\/wp-json\/wp\/v2\/pages\/667","targetHints":{"allow":["GET"]}}],"collection":[{"href":"https:\/\/collectif-accad.fr\/site\/wp-json\/wp\/v2\/pages"}],"about":[{"href":"https:\/\/collectif-accad.fr\/site\/wp-json\/wp\/v2\/types\/page"}],"author":[{"embeddable":true,"href":"https:\/\/collectif-accad.fr\/site\/wp-json\/wp\/v2\/users\/4"}],"replies":[{"embeddable":true,"href":"https:\/\/collectif-accad.fr\/site\/wp-json\/wp\/v2\/comments?post=667"}],"version-history":[{"count":8,"href":"https:\/\/collectif-accad.fr\/site\/wp-json\/wp\/v2\/pages\/667\/revisions"}],"predecessor-version":[{"id":1840,"href":"https:\/\/collectif-accad.fr\/site\/wp-json\/wp\/v2\/pages\/667\/revisions\/1840"}],"up":[{"embeddable":true,"href":"https:\/\/collectif-accad.fr\/site\/wp-json\/wp\/v2\/pages\/132"}],"wp:attachment":[{"href":"https:\/\/collectif-accad.fr\/site\/wp-json\/wp\/v2\/media?parent=667"}],"curies":[{"name":"wp","href":"https:\/\/api.w.org\/{rel}","templated":true}]}}