{"id":641,"date":"2018-08-01T06:43:23","date_gmt":"2018-08-01T04:43:23","guid":{"rendered":"https:\/\/collectif-accad.fr\/site\/?page_id=641"},"modified":"2019-02-08T15:14:49","modified_gmt":"2019-02-08T14:14:49","slug":"qui-est-proprietaire-du-linky","status":"publish","type":"page","link":"https:\/\/collectif-accad.fr\/site\/mairies\/qui-est-proprietaire-du-linky\/","title":{"rendered":"Qui est propri\u00e9taire du Linky ?"},"content":{"rendered":"<p>R\u00e9ponse du s\u00e9nat :<\/p>\n<p><a href=\"https:\/\/collectif-accad.fr\/site\/wp-content\/uploads\/2019\/02\/A-qui-appartiennent-les-Compteurs-\u00e9lectriques.pdf\">A qui appartiennent les Compteurs \u00e9lectriques<\/a><\/p>\n<p style=\"text-align: center;\"><span style=\"font-size: 18pt; font-family: arial black, sans-serif;\"><strong>Les collectivit\u00e9s sont propri\u00e9taires<\/strong><\/span><\/p>\n<p style=\"text-align: center;\">des r\u00e9seaux d\u2019ouvrages \u00e9lectriques<\/p>\n<p style=\"text-align: justify;\">Les compteurs \u00e9lectriques <strong>appartiennent aux collectivit\u00e9s locales<\/strong> et sont exploit\u00e9s par Enedis.<\/p>\n<p style=\"text-align: justify;\"><a href=\"https:\/\/www.legifrance.gouv.fr\/affichCodeArticle.do?cidTexte=LEGITEXT000023983208&amp;idArticle=LEGIARTI000023986500\"><strong>L\u2019article L322-4 du Code de l\u2019\u00e9nergie<\/strong><\/a> stipule que <strong>les collectivit\u00e9s sont propri\u00e9taires des r\u00e9seaux d\u2019ouvrages \u00e9lectriques<\/strong>. Les compteurs font partie du r\u00e9seau. La Commune en d\u00e9l\u00e8gue, par concession, <strong>la gestion \u00e0 Enedis<\/strong>.<\/p>\n<p style=\"text-align: justify;\">Ce sont donc <strong>les \u00e9lus<\/strong>, et en tout premier lieu les maires, qui risquent fort d\u2019\u00eatre <strong>poursuivis en justice<\/strong> \u00e0 la suite des diff\u00e9rents dommages qui pourront \u00eatre caus\u00e9s par les compteurs Linky (incendies, habitants devenant subitement \u00e9lectro-sensibles, etc\u2026), dangers qui n\u2019existent pas avec les compteurs actuels.<\/p>\n<p style=\"text-align: justify;\">Et dans ce cas, Enedis saurait se d\u00e9charger de toutes responsabilit\u00e9s (comme les assurances) puisque les compteurs ne sont pas sa propri\u00e9t\u00e9.<\/p>\n<p style=\"text-align: justify;\">Il est donc dans l\u2019int\u00e9r\u00eat des maires et conseillers municipaux d\u2019exiger au minimum un moratoire, et dans le meilleur des cas, un refus cat\u00e9gorique de la pose de ces compteurs.<\/p>\n<p style=\"text-align: justify;\"><strong>Attention, <span style=\"color: #ff0000;\">voil\u00e0 ce que dit l&rsquo;association des maires<\/span> :<br \/>\n<\/strong><\/p>\n<p style=\"text-align: justify;\">les compteurs <strong>\u00e9lectriques<\/strong> appartiennent <strong>g\u00e9n\u00e9ralement<\/strong> aux communes, mais leur propri\u00e9t\u00e9 a <strong>parfois<\/strong> \u00e9t\u00e9 transf\u00e9r\u00e9e \u00e0 une organisation regroupant des communes (Communaut\u00e9 de communes, Syndicat d\u00e9partemental d&rsquo;\u00e9nergie, etc). Mais, <strong>m\u00eame dans ce cas<\/strong>, la commune doit \u00a0 prendre une d\u00e9lib\u00e9ration contre le d\u00e9ploiement des compteurs communicants, et demander \u00e0 la structure intercommunale <strong>de respecter la volont\u00e9 exprim\u00e9e<\/strong>. Les Communaut\u00e9s de communes et les Syndicats d\u00e9partementaux d&rsquo;\u00e9nergie sont les \u00e9manations des communes, ils existent pour assister les communes, <strong>par pour leur imposer des d\u00e9cisions arbitraires<\/strong>.<\/p>\n<p style=\"text-align: justify;\"><a href=\"http:\/\/www.maire-info.com\/article.asp?param=19028\">http:\/\/www.maire-info.com\/article.asp?param=19028<\/a><\/p>\n<p style=\"text-align: justify;\"><span style=\"color: #ff0000;\">Il serait plus juste d&rsquo;\u00e9crire :<\/span><\/p>\n<p style=\"text-align: justify;\"><span style=\"color: #ff0000;\">les compteurs <strong>\u00e9lectriques<\/strong> appartiennent <strong>g\u00e9n\u00e9ralement<\/strong> aux communes, mais la <span style=\"font-size: 24pt;\">gestion <\/span>a <strong>parfois<\/strong> \u00e9t\u00e9 transf\u00e9r\u00e9e \u00e0 une organisation regroupant des communes (Communaut\u00e9 de communes, Syndicat d\u00e9partemental d&rsquo;\u00e9nergie, etc). Mais, <strong>m\u00eame dans ce cas<\/strong>, la commune <span style=\"font-size: 24pt;\">peut et <span style=\"font-size: 12pt;\">doit<\/span><\/span> \u00a0 prendre une d\u00e9lib\u00e9ration contre le d\u00e9ploiement des compteurs communicants, et demander \u00e0 la structure intercommunale <strong>de respecter la volont\u00e9 exprim\u00e9e<\/strong>.<\/span><\/p>\n<p style=\"text-align: justify;\">************\u00a0\u00a0\u00a0\u00a0\u00a0\u00a0\u00a0\u00a0\u00a0\u00a0\u00a0\u00a0\u00a0 *********************<\/p>\n","protected":false},"excerpt":{"rendered":"<p>R\u00e9ponse du s\u00e9nat : A qui appartiennent les Compteurs \u00e9lectriques Les collectivit\u00e9s sont propri\u00e9taires des r\u00e9seaux d\u2019ouvrages \u00e9lectriques Les compteurs \u00e9lectriques appartiennent aux collectivit\u00e9s locales et sont exploit\u00e9s par Enedis. L\u2019article L322-4 du Code de l\u2019\u00e9nergie stipule que les collectivit\u00e9s sont propri\u00e9taires des r\u00e9seaux d\u2019ouvrages \u00e9lectriques. Les compteurs font partie du r\u00e9seau. La Commune en &hellip; <a href=\"https:\/\/collectif-accad.fr\/site\/mairies\/qui-est-proprietaire-du-linky\/\" class=\"more-link\">Continuer la lecture de <span class=\"screen-reader-text\">Qui est propri\u00e9taire du Linky ?<\/span><\/a><\/p>\n","protected":false},"author":4,"featured_media":0,"parent":191,"menu_order":0,"comment_status":"closed","ping_status":"closed","template":"","meta":{"footnotes":""},"class_list":["post-641","page","type-page","status-publish","hentry"],"_links":{"self":[{"href":"https:\/\/collectif-accad.fr\/site\/wp-json\/wp\/v2\/pages\/641","targetHints":{"allow":["GET"]}}],"collection":[{"href":"https:\/\/collectif-accad.fr\/site\/wp-json\/wp\/v2\/pages"}],"about":[{"href":"https:\/\/collectif-accad.fr\/site\/wp-json\/wp\/v2\/types\/page"}],"author":[{"embeddable":true,"href":"https:\/\/collectif-accad.fr\/site\/wp-json\/wp\/v2\/users\/4"}],"replies":[{"embeddable":true,"href":"https:\/\/collectif-accad.fr\/site\/wp-json\/wp\/v2\/comments?post=641"}],"version-history":[{"count":12,"href":"https:\/\/collectif-accad.fr\/site\/wp-json\/wp\/v2\/pages\/641\/revisions"}],"predecessor-version":[{"id":2927,"href":"https:\/\/collectif-accad.fr\/site\/wp-json\/wp\/v2\/pages\/641\/revisions\/2927"}],"up":[{"embeddable":true,"href":"https:\/\/collectif-accad.fr\/site\/wp-json\/wp\/v2\/pages\/191"}],"wp:attachment":[{"href":"https:\/\/collectif-accad.fr\/site\/wp-json\/wp\/v2\/media?parent=641"}],"curies":[{"name":"wp","href":"https:\/\/api.w.org\/{rel}","templated":true}]}}