{"id":397,"date":"2018-07-19T12:03:51","date_gmt":"2018-07-19T10:03:51","guid":{"rendered":"https:\/\/collectif-accad.fr\/site\/?page_id=397"},"modified":"2018-11-21T12:02:42","modified_gmt":"2018-11-21T11:02:42","slug":"erl","status":"publish","type":"page","link":"https:\/\/collectif-accad.fr\/site\/bigdata-erl\/erl\/","title":{"rendered":"ERL"},"content":{"rendered":"<p style=\"text-align: center;\"><span style=\"font-family: arial black, sans-serif; font-size: 18pt;\"><strong>\u00c9metteur Radio Linky (ERL)<br \/>\n<\/strong><\/span><\/p>\n<p style=\"text-align: center;\"><img loading=\"lazy\" decoding=\"async\" class=\"alignnone size-full wp-image-492\" src=\"https:\/\/collectif-accad.fr\/site\/wp-content\/uploads\/2018\/07\/ERL-180720-1.jpg\" alt=\"\" width=\"629\" height=\"445\" srcset=\"https:\/\/collectif-accad.fr\/site\/wp-content\/uploads\/2018\/07\/ERL-180720-1.jpg 629w, https:\/\/collectif-accad.fr\/site\/wp-content\/uploads\/2018\/07\/ERL-180720-1-300x212.jpg 300w\" sizes=\"auto, (max-width: 629px) 100vw, 629px\" \/><\/p>\n<p style=\"text-align: justify;\">\u00a0Les promoteurs des compteurs Linky ne cessent de pr\u00e9tendre que ce syst\u00e8me ne fait courir aucun risque sanitaire du fait de l&rsquo;utilisation de la technologie du CPL (courant porteur en ligne).<\/p>\n<p style=\"text-align: justify;\">Or, non seulement ces belles assurances sont <a href=\"http:\/\/refus.linky.gazpar.free.fr\/ondes-repondre-erdf.htm\">totalement contestables<\/a> mais, de plus, toutes ces affirmations et les \u00e9tudes si \u00ab\u00a0rassurantes\u00a0\u00bb des agence officielles font l&rsquo;impasse sur le scandale qui, de toute \u00e9vidence pour tromper la population, est programm\u00e9 pour un second temps :<\/p>\n<p style=\"text-align: justify;\">\u00a0Une fois que les Linky seront install\u00e9s (si nous nous laissons faire), Enedis laissera la place aux fournisseurs (EDF, Engie, Enercoop, Directe \u00e9nergie, etc) qui vont alors d\u00e9marcher tous les habitants et les inciter \u00e0 ajouter au Linky le fameux ERL : un \u00e9metteur qui va inonder les logements d&rsquo;ondes \u00e9lectromagn\u00e9tiques !<\/p>\n<p style=\"text-align: justify;\">D&rsquo;innombrables personnes vont in\u00e9vitablement se laisser s\u00e9duire par les \u00ab\u00a0services\u00a0\u00bb que cet appareil va permettre. En effet, les ondes \u00e9mises vont activer les objets contenant des puces et les connecter \u00e0 Internet (on parle d&rsquo;<em>Internet des objets<\/em>, ou IOT. Voir par exemple <a href=\"https:\/\/www.thinksmartgrids.fr\/actualites\/smartgrids-linternet-objets\/\">ici<\/a>, attention pure propagande industrielle !).<\/p>\n<p style=\"text-align: justify;\">Ainsi, m\u00eame depuis l&rsquo;autre c\u00f4t\u00e9 de la Terre, vous pourrez par exemple savoir sur votre smartphone s&rsquo;il reste des yaourts dans votre frigo : quelle information cruciale !<\/p>\n<p style=\"text-align: justify;\">Le probl\u00e8me est que les gogos qui vont se laisser s\u00e9duire, mais aussi leurs voisins (car les ondes traversent les murs), seront soumis \u00e0 des ondes \u00e9lectromagn\u00e9tiques permanentes, comparables \u00e0 un super wi-fi. Et le pire sera sans doute atteint dans les logements collectifs (HLM et autres) o\u00f9 des dizaines de Linky vont \u00eatre align\u00e9s.<\/p>\n<p style=\"text-align: justify;\">Donc, contrairement \u00e0 ce qui est pr\u00e9tendu par Enedis, les Syndicats d&rsquo;\u00e9nergie, le gouvernement (dont ce pauvre Nicolas Hulot, \u00e9cologiste de pacotille), et h\u00e9las trop de m\u00e9dias qui se contentent de r\u00e9p\u00e9ter la parole officielle, les Linky \u00e9mettront (en continu) de fortes ondes \u00e9lectromagn\u00e9tiques.<\/p>\n<p style=\"text-align: justify;\">Bien s\u00fbr, les \u00e9tudes si rassurantes publi\u00e9es aujourd&rsquo;hui pour tromper la population ne peuvent mettre en \u00e9vidences ces ondes qui seront \u00e9mises \u00e0 l&rsquo;avenir. Qui plus est, elles viendront s&rsquo;ajouter \u00e0 celles \u00e9mises d&rsquo;ores et d\u00e9j\u00e0 par les fils \u00e9lectriques de votre logement du fait de l&rsquo;utilisation du CPL : Linky, c&rsquo;est la double peine !<\/p>\n<p style=\"text-align: center;\">*****************\u00a0\u00a0\u00a0\u00a0\u00a0\u00a0\u00a0\u00a0\u00a0\u00a0\u00a0\u00a0\u00a0 ****************<\/p>\n<p style=\"text-align: center;\"><strong>CPL, ERL<\/strong><\/p>\n<p style=\"text-align: justify;\"><strong>Pr\u00e9cisions sur les technologies CPL et ERL employ\u00e9es dans le r\u00e9seau Linky<\/strong><\/p>\n<p style=\"text-align: justify;\">Alternative technique : projet de compteur raccord\u00e9 en filaire \u00e0 internet<\/p>\n<p style=\"text-align: justify;\"><strong>\u00a0<\/strong><\/p>\n<p style=\"text-align: justify;\"><strong>CPL<\/strong> veut dire courant porteur en ligne. <strong>ERL<\/strong> signifie Emetteur Radio Linky<\/p>\n<p style=\"text-align: justify;\">Le <strong>CPL et l&rsquo;ERL sont compl\u00e9mentaires.<\/strong><\/p>\n<p style=\"text-align: justify;\">1) Le CPL<\/p>\n<p style=\"text-align: justify;\">Les protocoles CPL G1\/G3 sont inject\u00e9s en superposition au courant alternatif cadenc\u00e9 \u00e0 50 Hertz circulant dans les fils \u00e9lectriques de toute l&rsquo;installation de la maison. Ceux-ci concernent les compteurs de toutes les marques int\u00e9grant le protocole LINKY.<\/p>\n<p style=\"text-align: justify;\">Ce CPL permet la collecte des informations provenant de l&rsquo;\u00e9lectrom\u00e9nager branch\u00e9 sur le r\u00e9seau d&rsquo;alimentation \u00e9lectrique (via les fils \u00e9lectriques de la maison).<\/p>\n<p style=\"text-align: justify;\"><strong>2) L&rsquo;ERL<\/strong><\/p>\n<p style=\"text-align: justify;\">De son c\u00f4t\u00e9, l&rsquo;ERL communique avec les objets connect\u00e9s dans l&rsquo;habitat via les technologies sans fil ZigBee et KNX cadenc\u00e9 \u00e0 2,4 Ghz. Les objets connect\u00e9s sont pourvus d&rsquo;un syst\u00e8me d&rsquo;identification et parfois de commande \u00e0 distance sans fil au moyen de cette technologie.<\/p>\n<p style=\"text-align: justify;\">L&#8217;emplacement du module ERL est pr\u00e9vu d&rsquo;origine dans chaque compteur Linky &#8211; il suffit d&rsquo;enficher le module dans un connecteur d\u00e9nomm\u00e9 TIC\u00a0 (T\u00e9l\u00e9 Information Client). Voir fiche Compteurs intelligents ci-jointe.<\/p>\n<p style=\"text-align: justify;\">Celui-ci sera en principe une option facultative et payante, adoss\u00e9e \u00e0 des t\u00e9l\u00e9services (peut-\u00eatre gratuite dans certains cas). Il n&rsquo;est pas exclu qu&rsquo;il devienne obligatoire \u00e0 terme. L&rsquo;ERL, assez polluant sur le plan \u00e9lectromagn\u00e9tique, n&rsquo;est pas pris en compte dans les mesures officielles de rayonnement dans les installations, \u00e9tant donn\u00e9 que les compteurs actuels n&rsquo;en sont pas pourvus pour la plupart. Son d\u00e9ploiement est pr\u00e9vu dans un 2\u00e8me temps, une fois les compteurs simples install\u00e9s.<\/p>\n<p style=\"text-align: justify;\">Questions importantes et souvent pos\u00e9es :<\/p>\n<p style=\"text-align: justify;\"><strong>1) sans module ERL, le pilotage, ou la coupure des objets \u00e9lectriques domestiques sera-t-il quand m\u00eame possible, via\u00a0 l&rsquo;envoi d&rsquo;un signal CPL dans le circuit \u00e9lectrique?<\/strong><\/p>\n<p style=\"text-align: justify;\">Bien entendu. Le CPL est l\u00e0 pour cela. Toute personne souhaitant b\u00e9n\u00e9ficier de ce service devra faire installer \u00e0 ses frais par un \u00e9lectricien des commutateurs \u00ab\u00a0CPL\u00a0\u00bb pour chaque prise de courant que l&rsquo;on souhaite rendre t\u00e9l\u00e9commutable (voir le sh\u00e9ma ci-dessous).<\/p>\n<p style=\"text-align: justify;\"><strong>2) Les signaux CPL du Linky\u00a0 fonctionnent-ils en continu sur 24 heures et tout au long de l&rsquo;ann\u00e9e, y compris pour le protocole G1.<\/strong><\/p>\n<p style=\"text-align: justify;\">OUI. Le CPL circule en continu en superposition sur le 50 Hertz, 24\/24h &#8211; 365\/365j &#8211; pour questionner \u00e0 tour de r\u00f4le chacun des nombreux compteurs sur le r\u00e9seau. Chaque impulsion adress\u00e9e \u00e0 un compteur fait le tour de tous les compteurs sur le r\u00e9seau jusqu&rsquo;\u00e0 r\u00e9ponse du compteur cibl\u00e9 identifiable gr\u00e2ce \u00e0 une adresse IP. Et ainsi de suite. Le CPL sera donc pr\u00e9sent sur tout le r\u00e9seau basse tension (et donc dans toutes les maisons), que le compteur Linky soit install\u00e9 ou pas.<br \/>\n<strong><br \/>\n3) Le CPL du Linky actuel fonctionne-t-il uniquement pour l&rsquo;impulsion de commande tarifaire diff\u00e9renti\u00e9e\u00a0 (heures creuse, pleine).<\/strong><br \/>\nAttention ! Il ne faut donc pas m\u00e9langer la fr\u00e9quence du CPL \u00e0 175 Hertz concernant le service EJP (heures creuses\/heures pleines) en vigueur jusqu&rsquo;\u00e0 ce jour. Il n&rsquo;y \u00e0 qu&rsquo;une seule impulsion par jour pour commander un contact dans le compteur \u00e9lectrique.<\/p>\n<p style=\"text-align: justify;\">Avec LINKY, plusieurs protocoles CPL sont inject\u00e9s dans une bande de fr\u00e9quences largement sup\u00e9rieure \u00e0 celle du 50 Hertz pour laquelle le r\u00e9seau c\u00e2bl\u00e9 est pr\u00e9vu (au maximum jusqu&rsquo;\u00e0 1 kHz) :<br \/>\n&#8211; protocole CPL G1 : 63,3 kHz et 74 kHz<\/p>\n<p style=\"text-align: justify;\">&#8211; protocole CPL G3 :\u00a0de 10 kHz \u00e0 63,3 kHz et de 73,8 kHz \u00e0 95 kHz.<\/p>\n<p style=\"text-align: justify;\">&#8211; ce sera pire avec protocole CPL G5 !!!<\/p>\n<p style=\"text-align: justify;\">Pour en savoir beaucoup plus\u00a0:<\/p>\n<p style=\"text-align: justify;\"><a href=\"http:\/\/stoplinkydraveil91.free.fr\/CPLetERLLinky.html\">http:\/\/stoplinkydraveil91.free.fr\/CPLetERLLinky.html<\/a><\/p>\n<p style=\"text-align: center;\"><img loading=\"lazy\" decoding=\"async\" class=\"alignnone size-full wp-image-2308\" src=\"https:\/\/collectif-accad.fr\/site\/wp-content\/uploads\/2018\/11\/Linky-74-181119-1.jpg\" alt=\"\" width=\"400\" height=\"343\" srcset=\"https:\/\/collectif-accad.fr\/site\/wp-content\/uploads\/2018\/11\/Linky-74-181119-1.jpg 400w, https:\/\/collectif-accad.fr\/site\/wp-content\/uploads\/2018\/11\/Linky-74-181119-1-300x257.jpg 300w\" sizes=\"auto, (max-width: 400px) 100vw, 400px\" \/><\/p>\n","protected":false},"excerpt":{"rendered":"<p>\u00c9metteur Radio Linky (ERL) \u00a0Les promoteurs des compteurs Linky ne cessent de pr\u00e9tendre que ce syst\u00e8me ne fait courir aucun risque sanitaire du fait de l&rsquo;utilisation de la technologie du CPL (courant porteur en ligne). Or, non seulement ces belles assurances sont totalement contestables mais, de plus, toutes ces affirmations et les \u00e9tudes si \u00ab\u00a0rassurantes\u00a0\u00bb &hellip; <a href=\"https:\/\/collectif-accad.fr\/site\/bigdata-erl\/erl\/\" class=\"more-link\">Continuer la lecture de <span class=\"screen-reader-text\">ERL<\/span><\/a><\/p>\n","protected":false},"author":4,"featured_media":0,"parent":155,"menu_order":0,"comment_status":"closed","ping_status":"closed","template":"","meta":{"footnotes":""},"class_list":["post-397","page","type-page","status-publish","hentry"],"_links":{"self":[{"href":"https:\/\/collectif-accad.fr\/site\/wp-json\/wp\/v2\/pages\/397","targetHints":{"allow":["GET"]}}],"collection":[{"href":"https:\/\/collectif-accad.fr\/site\/wp-json\/wp\/v2\/pages"}],"about":[{"href":"https:\/\/collectif-accad.fr\/site\/wp-json\/wp\/v2\/types\/page"}],"author":[{"embeddable":true,"href":"https:\/\/collectif-accad.fr\/site\/wp-json\/wp\/v2\/users\/4"}],"replies":[{"embeddable":true,"href":"https:\/\/collectif-accad.fr\/site\/wp-json\/wp\/v2\/comments?post=397"}],"version-history":[{"count":10,"href":"https:\/\/collectif-accad.fr\/site\/wp-json\/wp\/v2\/pages\/397\/revisions"}],"predecessor-version":[{"id":2310,"href":"https:\/\/collectif-accad.fr\/site\/wp-json\/wp\/v2\/pages\/397\/revisions\/2310"}],"up":[{"embeddable":true,"href":"https:\/\/collectif-accad.fr\/site\/wp-json\/wp\/v2\/pages\/155"}],"wp:attachment":[{"href":"https:\/\/collectif-accad.fr\/site\/wp-json\/wp\/v2\/media?parent=397"}],"curies":[{"name":"wp","href":"https:\/\/api.w.org\/{rel}","templated":true}]}}