{"id":395,"date":"2018-07-19T12:02:54","date_gmt":"2018-07-19T10:02:54","guid":{"rendered":"https:\/\/collectif-accad.fr\/site\/?page_id=395"},"modified":"2018-10-13T08:54:49","modified_gmt":"2018-10-13T06:54:49","slug":"bases-de-donnees","status":"publish","type":"page","link":"https:\/\/collectif-accad.fr\/site\/bigdata-erl\/bases-de-donnees\/","title":{"rendered":"Bases de donn\u00e9es"},"content":{"rendered":"<p style=\"text-align: justify;\"><strong>La vid\u00e9o qui d\u00e9voile la surveillance ill\u00e9gale par les compteurs communicants <\/strong><\/p>\n<p><strong>Un article de nos ami.es de la m\u00e9tropole lilloise :<br \/>\n<\/strong><\/p>\n<p><a href=\"https:\/\/mel-stoplinky.blogspot.com\/\">https:\/\/mel-stoplinky.blogspot.com\/<\/a><\/p>\n<p>** **<\/p>\n<p style=\"text-align: justify;\"><strong>ONZO\u00b9, entreprise de big data<\/strong><\/p>\n<p style=\"text-align: justify;\">La vid\u00e9o qui suit a \u00e9t\u00e9 retir\u00e9e du site d&rsquo;Onzo\u00b9, car ces m\u00e9thodes ont tout de suite alert\u00e9 l&rsquo;opinion publique.<br \/>\nIl ne vaut mieux pas trop exposer ces pratiques de surveillance ill\u00e9gale, en p\u00e9riode de d\u00e9ploiement des compteurs communicants!<\/p>\n<p>Tout ceci est r\u00e9el. Il s&rsquo;agit de surveillance <strong><u>\u00e0 l&rsquo;int\u00e9rieur de VOTRE maison !<\/u><\/strong><br \/>\nD&rsquo;informations tir\u00e9es de votre consommation d&rsquo;\u00e9nergie et de l&rsquo;utilisation de vos appareils.<br \/>\nCes informations sont trait\u00e9es, diss\u00e9qu\u00e9es, afin de connaitre vos habitudes, votre niveau de vie&#8230;. puis revendues \u00e0 des entreprises commerciales.<\/p>\n<p>Enedis ne vient pas poser les compteurs Linky pour r\u00e9duire votre facture :\u00a0<strong><u>Enedis investit et capitalise sur votre vie priv\u00e9e !<\/u><\/strong><\/p>\n<p style=\"text-align: justify;\">\nSur le site d&rsquo;Onzo\u00b9, cette vid\u00e9o a disparu, mais l&rsquo;entreprise continue de r\u00e9v\u00e9ler, de mani\u00e8re moins agressive, que ces compteurs sont bel et bien des espions et un investissement sur les donn\u00e9es de la vie priv\u00e9e des \u00ab\u00a0clients\u00a0\u00bb.<\/p>\n<p><em>\u00ab\u00a0Augmenter la valeur des compteurs communicants :<\/p>\n<p>Des milliards sont investis dans le monde entier pour d\u00e9ployer les compteurs intelligents, les services publics doivent trouver des moyens durables pour obtenir un retour sur cet investissement.\u00a0\u00bb<br \/>\n<\/em><\/p>\n<p>Il faut vraiment consid\u00e9rer la course aux donn\u00e9es comme une ru\u00e9e vers l&rsquo;or !<\/p>\n<p>Savoir que<strong><u> ces donn\u00e9es valent beaucoup plus que l\u2019\u00e9nergie que vendent les fournisseurs<\/u><\/strong>, et qu&rsquo;ainsi, ils feront tout pour que vous leur en donniez l&rsquo;acc\u00e8s, y compris, comme c&rsquo;est le cas actuellement avec British Gas en Angleterre : fournir de l&rsquo;\u00e9lectricit\u00e9 gratuite certains jours en \u00e9change de votre consentement \u00e0 la pose du compteur et \u00e0 l&rsquo;acc\u00e8s \u00e0 vos donn\u00e9es \u00b2 (le temps bien s\u00fbr de poser tous leurs compteurs&#8230;ensuite, les prix s&rsquo;envoleront comme l&rsquo;a annonc\u00e9 Scottish Power)<\/p>\n<p>Que personne ne vienne encore nous parler de \u00ab\u00a0transition \u00e9nerg\u00e9tique\u00a0\u00bb! Ils sont pr\u00eats \u00e0 brader\u00a0<strong>toutes<\/strong>\u00a0nos ressources en \u00e9nergie\u00a0pour acc\u00e9der\u00a0\u00e0 ces fameuses donn\u00e9es !<\/p>\n<p>Que la CNIL ne vienne plus promettre qu&rsquo;elles seront respect\u00e9es !<br \/>\n<strong>QUI prot\u00e9gera\u00a0la vie priv\u00e9e des foyers auxquels on fera miroiter de l\u2019\u00e9nergie\u00a0bon march\u00e9 ou gratuite, et qui n&rsquo;auront pas les moyens de prot\u00e9ger leur intimit\u00e9\u00a0?<\/strong><\/p>\n<p>Extraits de politico :<br \/>\n<em>\u00abJe pense que les donn\u00e9es [obtenues par des compteurs intelligents] vont valoir beaucoup plus que les produits consomm\u00e9s pour g\u00e9n\u00e9rer les donn\u00e9es.\u00bb<\/em><br \/>\n<em>\u2014Miles Keogh,directeur des subventions et de la recherche \u00e0 la National Association of Regulatory Utility Commissioners<\/em><br \/>\n<em><br \/>\n\u00ab\u00a0Il serait juste de supposer que beaucoup, beaucoup de consommateurs donneraient un acc\u00e8s sans entrave \u00e0 leurs donn\u00e9es via un compteur intelligent aux fournisseurs qui leur donneraient de l&rsquo;\u00e9nergie gratuite.\u00a0\u00bb<\/p>\n<p>\u00abLorsque vous devenez une entreprise dont l\u2019atout le plus pr\u00e9cieux n\u2019est pas le kilowattheure mais les donn\u00e9es, cela change fondamentalement le type d\u2019entreprise que vous \u00eates\u00bb<\/p>\n<p>\u00abLes donn\u00e9es d&rsquo;intervalle sont consid\u00e9r\u00e9es comme des donn\u00e9es personnellement identifiables, m\u00eame si elles sont anonymis\u00e9es\u00bb, a d\u00e9clar\u00e9 un responsable d&rsquo;un service public de la c\u00f4te ouest qui a requis l&rsquo;anonymat. \u00ab\u00a0Nous ne pouvons tout simplement pas donner ce genre de chose.\u00a0\u00bb<\/p>\n<p><\/em>\u00b9 : la soci\u00e9t\u00e9 ONZO se pr\u00e9sente comme un leader mondial du big data.<br \/>\nSelon son site Web, cette soci\u00e9t\u00e9 travaille avec plus de 100 services publics \u00e0 l&rsquo;\u00e9chelle mondiale.<\/p>\n<p>\u00b2 British Gas offre l&rsquo;\u00e9lectricit\u00e9 le week-end dans ces conditions\u00a0 : <em>\u00ab\u00a0Pour obtenir ce tarif, vous devez accepter de g\u00e9rer votre compte en ligne et vous aurez besoin de compteurs intelligents British Gas. Nous pouvons les installer gratuitement pour vous\u00a0\u00bb. (ce que British Gas ne dit pas, c&rsquo;est que les prix seront calcul\u00e9s bient\u00f4t \u00e0 1\/2 heure, et exploseront pendant les pics de consommation&#8230;)<\/em><\/p>\n<p><strong>video \u00e0 voir\u00a0:<\/strong><\/p>\n<p style=\"text-align: justify;\"><strong><a href=\"https:\/\/player.vimeo.com\/video\/293205347\">https:\/\/player.vimeo.com\/video\/293205347<\/a> <\/strong><\/p>\n<p style=\"text-align: center;\">*********************\u00a0\u00a0\u00a0\u00a0\u00a0\u00a0\u00a0\u00a0\u00a0\u00a0\u00a0\u00a0 ***********************<\/p>\n<p style=\"text-align: center;\"><span style=\"font-family: arial black, sans-serif; font-size: 18pt;\"><strong>Le nouvel espion qui nous infantilise<\/strong><\/span><\/p>\n<p style=\"text-align: justify;\">Il faut bien se mettre dans la t\u00eate qu&rsquo;il ne s&rsquo;agit pas seulement du petit compteur Linky, mais de tout son syst\u00e8me.<\/p>\n<p style=\"text-align: justify;\">Le r\u00e9seau \u00e9lectrique num\u00e9ris\u00e9, les villes, les objets connect\u00e9s, les fichiers administratifs, m\u00e9dicaux, scolaires &#8230;.<\/p>\n<p style=\"text-align: justify;\">\u00a0Tout va communiquer et nous dicter ce que nous devons faire \u00e0 quelle heure, tout sera programm\u00e9, et pens\u00e9 \u00e0 notre place.<\/p>\n<p style=\"text-align: justify;\">Plus moyen d&rsquo;\u00e9chapper \u00e0 la connexion, aux CEM, RF, OEM. Plus moyen d&rsquo;\u00e9chapper \u00e0 la surveillance g\u00e9n\u00e9ralis\u00e9e.<\/p>\n<p style=\"text-align: justify;\">Cette vampirisation de tous les instants de l&rsquo;existence n&rsquo;a pour seul objet que\u00a0 \u00a0\u00bb l&rsquo;industrie de la vie \u00a0\u00bb organis\u00e9e par les multinationales.<\/p>\n<p style=\"text-align: justify;\">Il faut dire stop au d\u00e9ploiement et \u00e0 tout son syst\u00e8me, voir plus loin que le simple compteur.<\/p>\n<p style=\"text-align: justify;\">C&rsquo;est \u00e0 toute une organisation sociale que nous touchons en mettant en place ce syst\u00e8me. \u00c9ric Sadin parle d&rsquo;un impact civilisationnel.<\/p>\n<p style=\"text-align: justify;\">C&rsquo;est le d\u00e9ploiement qu&rsquo;il faut craindre car il est la porte ouverte suppl\u00e9mentaire dans la gouvernance des algorithmes.<\/p>\n<p style=\"text-align: justify;\">Les politiques n&rsquo;ont plus la main sur le d\u00e9cisionnel, tranquillement les grandes soci\u00e9t\u00e9s du num\u00e9rique s&rsquo;imposent voire prennent les commandes de tous les biens publiques (eau, \u00e9lectricit\u00e9, gaz) sans rencontrer aucune limite dans l&rsquo;application de leurs d\u00e9couvertes, qui demandent pourtant r\u00e9flexion.<\/p>\n<p style=\"text-align: justify;\"><strong>Linky sert \u00e0 compter, mais, surtout, \u00e0 d\u00e9velopper le BIG DATA,<\/strong><\/p>\n<p style=\"text-align: justify;\">c&rsquo;est-\u00e0-dire \u00e0 capter d&rsquo;innombrables informations sur nous et nos vies.<\/p>\n<p style=\"text-align: center;\"><img loading=\"lazy\" decoding=\"async\" class=\"alignnone size-full wp-image-510\" src=\"https:\/\/collectif-accad.fr\/site\/wp-content\/uploads\/2018\/07\/BigData.jpg\" alt=\"\" width=\"393\" height=\"300\" srcset=\"https:\/\/collectif-accad.fr\/site\/wp-content\/uploads\/2018\/07\/BigData.jpg 393w, https:\/\/collectif-accad.fr\/site\/wp-content\/uploads\/2018\/07\/BigData-300x229.jpg 300w\" sizes=\"auto, (max-width: 393px) 100vw, 393px\" \/><\/p>\n<p style=\"text-align: justify;\">Le Pr\u00e9sident d\u2019Enedis le reconnait\u00a0:<em> \u00ab\u00a0Notre m\u00e9tier \u00e9volue et <strong>nous sommes d\u00e9sormais un op\u00e9rateur de <a href=\"http:\/\/www.journaldunet.com\/solutions\/analytics\/big-data\/\">big data<\/a><\/strong> qui va bient\u00f4t g\u00e9rer 35\u00a0millions de capteurs connect\u00e9s. Nous avons anticip\u00e9 cette question et <strong>nous sommes d\u00e9j\u00e0 capables de mettre \u00e0 la disposition du client toutes les donn\u00e9es de consommation et d&rsquo;\u00e9tat du r\u00e9seau.<\/strong> Toutes ces donn\u00e9es ont \u00e0 l&rsquo;avenir vocation \u00e0 \u00eatre agglom\u00e9r\u00e9es et donc anonymis\u00e9es pour \u00eatre mises \u00e0 la disposition des collectivit\u00e9s qui sont tr\u00e8s int\u00e9ress\u00e9es pour \u00e9valuer leur efficacit\u00e9 \u00e9nerg\u00e9tique. La loi Lemaire est en train de d\u00e9velopper le cadre de mise \u00e0 disposition de ces donn\u00e9es. Les clients qui le veulent peuvent d&rsquo;ailleurs d\u00e9j\u00e0 mettre leurs donn\u00e9es \u00e0 disposition d&rsquo;entreprises s&rsquo;ils nous le demandent. Comme par exemple \u00e0 une soci\u00e9t\u00e9 de surveillance.\u00a0\u00bb<\/em><\/p>\n<p style=\"text-align: justify;\">Il est acceptable que nos fournisseurs sachent, tous les deux mois ou au pire tous les mois, combien nous avons consomm\u00e9 d&rsquo;\u00e9lectricit\u00e9, de gaz ou d&rsquo;eau, globalement durant la p\u00e9riode concern\u00e9e. Par contre, il est injustifiable que des soci\u00e9t\u00e9s connaissent nos consommations tout au long de la journ\u00e9e, et l&rsquo;utilisation quotidienne de nos objets\u00a0; car cela leur donnera d&rsquo;innombrables informations sur nos vies priv\u00e9es, \u00e0 commencer par notre pr\u00e9sence ou absence du lieu de logement.<\/p>\n<p style=\"text-align: justify;\">Et ces donn\u00e9es seront bien entendu r\u00e9cup\u00e9rables par les autorit\u00e9s, sans m\u00eame obtenir l&rsquo;aval d&rsquo;une instance judiciaire. La mise en place de compteurs communicants donnera aussi aux autorit\u00e9s des outils de surveillance g\u00e9n\u00e9ralis\u00e9e de la population, et en particulier des opposants, des militants pour les droits et libert\u00e9s. C&rsquo;est si vrai que la Ligue des Droits de l&rsquo;Homme a demand\u00e9 l&rsquo;arr\u00eat de l&rsquo;installation des compteurs Linky par\u00a0 un communiqu\u00e9 cinglant.<\/p>\n<p style=\"text-align: justify;\">Si on laisse faire, l\u2019humain devra tout subir\u00a0; \u00e0 terme l\u2019homme deviendra un sous-robot.<\/p>\n<p style=\"text-align: justify;\">Ils permettent aux industriels de conna\u00eetre notre consommation en temps r\u00e9el et de collecter des milliards de donn\u00e9es sur nos habitudes de vie pour les utiliser \u00e0 des fins commerciales ou polici\u00e8res, et pour les vendre aux publicitaires.<\/p>\n<h2 style=\"text-align: center;\"><strong>Non-respect de la vie priv\u00e9e <\/strong><\/h2>\n<p style=\"text-align: justify;\">Il faut bien pr\u00e9ciser le nouveau monde avec Linky Enedis pr\u00e9sente Linky comme le premier maillon d&rsquo;un syst\u00e8me performant pour une gestion optimale de la production et de la distribution d&rsquo;\u00e9lectricit\u00e9. Cette optimisation passe par le remplacement de l&rsquo;homme par l&rsquo;ordinateur et n\u00e9cessite le collectage d&rsquo;un grand nombre d&rsquo;informations sur le comportement personnel des consommateurs. Cette recherche de rationalisation nous prive toujours plus de notre pouvoir de d\u00e9cision sur tout ce qui touche \u00e0 notre quotidien. Ainsi, notre vie serait de plus en plus tributaire de calculs effectu\u00e9s par des logiciels supprimant ainsi toute relation humaine directe.<\/p>\n<p><strong>Un article dans reporterre<\/strong><\/p>\n<p><a href=\"https:\/\/reporterre.net\/Linky-vendra-les-donnees-de-votre-vie\">https:\/\/reporterre.net\/Linky-vendra-les-donnees-de-votre-vie<\/a><\/p>\n","protected":false},"excerpt":{"rendered":"<p>La vid\u00e9o qui d\u00e9voile la surveillance ill\u00e9gale par les compteurs communicants Un article de nos ami.es de la m\u00e9tropole lilloise : https:\/\/mel-stoplinky.blogspot.com\/ ** ** ONZO\u00b9, entreprise de big data La vid\u00e9o qui suit a \u00e9t\u00e9 retir\u00e9e du site d&rsquo;Onzo\u00b9, car ces m\u00e9thodes ont tout de suite alert\u00e9 l&rsquo;opinion publique. Il ne vaut mieux pas trop &hellip; <a href=\"https:\/\/collectif-accad.fr\/site\/bigdata-erl\/bases-de-donnees\/\" class=\"more-link\">Continuer la lecture de <span class=\"screen-reader-text\">Bases de donn\u00e9es<\/span><\/a><\/p>\n","protected":false},"author":4,"featured_media":0,"parent":155,"menu_order":0,"comment_status":"closed","ping_status":"closed","template":"","meta":{"footnotes":""},"class_list":["post-395","page","type-page","status-publish","hentry"],"_links":{"self":[{"href":"https:\/\/collectif-accad.fr\/site\/wp-json\/wp\/v2\/pages\/395","targetHints":{"allow":["GET"]}}],"collection":[{"href":"https:\/\/collectif-accad.fr\/site\/wp-json\/wp\/v2\/pages"}],"about":[{"href":"https:\/\/collectif-accad.fr\/site\/wp-json\/wp\/v2\/types\/page"}],"author":[{"embeddable":true,"href":"https:\/\/collectif-accad.fr\/site\/wp-json\/wp\/v2\/users\/4"}],"replies":[{"embeddable":true,"href":"https:\/\/collectif-accad.fr\/site\/wp-json\/wp\/v2\/comments?post=395"}],"version-history":[{"count":9,"href":"https:\/\/collectif-accad.fr\/site\/wp-json\/wp\/v2\/pages\/395\/revisions"}],"predecessor-version":[{"id":1873,"href":"https:\/\/collectif-accad.fr\/site\/wp-json\/wp\/v2\/pages\/395\/revisions\/1873"}],"up":[{"embeddable":true,"href":"https:\/\/collectif-accad.fr\/site\/wp-json\/wp\/v2\/pages\/155"}],"wp:attachment":[{"href":"https:\/\/collectif-accad.fr\/site\/wp-json\/wp\/v2\/media?parent=395"}],"curies":[{"name":"wp","href":"https:\/\/api.w.org\/{rel}","templated":true}]}}