{"id":3794,"date":"2019-06-15T15:00:26","date_gmt":"2019-06-15T13:00:26","guid":{"rendered":"https:\/\/collectif-accad.fr\/site\/?page_id=3794"},"modified":"2019-06-15T15:27:50","modified_gmt":"2019-06-15T13:27:50","slug":"courrier-au-maire","status":"publish","type":"page","link":"https:\/\/collectif-accad.fr\/site\/mairies\/courrier-au-maire\/","title":{"rendered":"Courrier au maire"},"content":{"rendered":"<p><strong><em>Arguments pour un arr\u00eat\u00e9 municipal contre le d\u00e9ploiement linky non conforme qu\u2019un pr\u00e9fet ne pourra pas d\u00e9f\u00e9rer. <\/em><\/strong><\/p>\n<p>document \u00e0 lire : <a href=\"https:\/\/collectif-accad.fr\/site\/wp-content\/uploads\/2018\/09\/Avis-\u00e0-tous-les-Maires.pdf\">Avis \u00e0 tous les Maires<\/a><\/p>\n<p style=\"text-align: center;\">*************\u00a0\u00a0\u00a0\u00a0\u00a0\u00a0\u00a0\u00a0\u00a0\u00a0 ****************<\/p>\n<p style=\"text-align: center;\"><span style=\"font-size: 18pt;\"><strong>il y a bient\u00f4t des \u00e9lections municipales !<\/strong><\/span><\/p>\n<p style=\"text-align: justify;\"><strong>Une raison pour demander au maire actuel de se bouger sur les compteurs communicants<\/strong><\/p>\n<p style=\"text-align: justify;\">Deux propositions \u2013non exclusives\u00a0:<\/p>\n<p style=\"text-align: center;\"><span style=\"font-size: 18pt;\"><strong>Premi\u00e8re proposition<\/strong><\/span><\/p>\n<p style=\"text-align: justify;\">Ecrire au maire\u00a0; par exemple lui envoyer ce type de courrier\u00a0:<\/p>\n<p style=\"text-align: justify;\"><a href=\"https:\/\/collectif-accad.fr\/site\/wp-content\/uploads\/2019\/06\/Courrier-au-maire-pour-agir.doc\">Courrier au maire pour agir<\/a><\/p>\n<p style=\"text-align: center;\"><span style=\"font-size: 18pt;\"><strong>Deuxi\u00e8me proposition<\/strong><\/span><\/p>\n<p style=\"text-align: justify;\"><strong>Avant\u00a0 de lui transmettre la lettre<\/strong><\/p>\n<p style=\"text-align: justify;\">Faire signer une p\u00e9tition par le plus grand nombre d&rsquo;habitant.es possible.<\/p>\n<p style=\"text-align: justify;\">Lors de la rencontre\u00a0:<\/p>\n<p style=\"text-align: justify;\">Amener la p\u00e9tition\u00a0; puis de lui demander d\u2019agir pour prot\u00e9ger les habitant.es par diff\u00e9rents moyens :<\/p>\n<ul style=\"text-align: justify;\">\n<li>prendre un arr\u00eat\u00e9 ou d\u00e9lib\u00e9ration<\/li>\n<li>Informer la population par tous les moyens de communication (r\u00e9union publique, bulletin municipal, site internet&#8230;)<\/li>\n<li>Intervenir aupr\u00e8s d&rsquo;Enedis pour exiger le respect du cahier des charges concernant ses obligations d&rsquo;informer l&rsquo;usager un mois ou 45 jours avant la p\u00e9riode de d\u00e9ploiement sur la commune, pour exiger le respect du choix de l&rsquo;usager de refuser la pose du Linky, de refuser la pose du linky dans les b\u00e2timents municipaux accueillant du public : mairie, \u00e9cole, \u00e9glise, d&rsquo;intervenir en tant que m\u00e9diateur et responsable de police si des conflits surgissent au cours des poses, recueillir les t\u00e9moignages des usagers victimes\u00a0 des abus de pouvoir d&rsquo;Enedis et de ses sous-traitants (courriers mensongers de menaces, harc\u00e8lement t\u00e9l\u00e9phonique, agressivit\u00e9 des poseurs&#8230;) et les transmettre au syndicat d\u00e9partemental de l&rsquo;\u00e9nergie, exiger le respect de la norme NF C 14-100 li\u00e9e \u00e0 l&rsquo;article 51 du RSD (R\u00e8glement Sanitaire D\u00e9partemental)<\/li>\n<li>Coop\u00e9rer avec le collectif anti Linky local<\/li>\n<\/ul>\n<p style=\"text-align: justify;\">C&rsquo;est \u00e0 l&rsquo;aune des r\u00e9sultats de la rencontre qu&rsquo;il sera possible d&rsquo;\u00e9valuer le niveau d&rsquo;engagement du Maire ou ses manoeuvres de fuite&#8230;<\/p>\n<p style=\"text-align: center;\">***********\u00a0\u00a0\u00a0\u00a0\u00a0\u00a0\u00a0 **********<\/p>\n<p style=\"text-align: justify;\"><strong>Si vous avez d\u00e9j\u00e0 refus\u00e9 le compteur<\/strong> et pr\u00e9venu Enedis, vous pouvez envoyer cette lettre au maire de la commune\u00a0:<\/p>\n<p style=\"text-align: justify;\"><a href=\"https:\/\/collectif-accad.fr\/site\/wp-content\/uploads\/2019\/06\/Courrier-daccompagnement-bref-LRAR.docx\">Courrier d&rsquo;accompagnement bref LRAR<\/a><\/p>\n<p style=\"text-align: center;\">***********\u00a0\u00a0\u00a0\u00a0\u00a0\u00a0\u00a0 **********<\/p>\n<p style=\"text-align: justify;\"><strong>Un autre exemple<\/strong> de correspondance\u00a0 (\u00e0 remettre en forme)\u00a0:<\/p>\n<p style=\"text-align: justify;\"><a href=\"https:\/\/collectif-accad.fr\/site\/wp-content\/uploads\/2019\/06\/Courriers-aux-maires.doc\">Courriers aux maires<\/a><\/p>\n","protected":false},"excerpt":{"rendered":"<p>Arguments pour un arr\u00eat\u00e9 municipal contre le d\u00e9ploiement linky non conforme qu\u2019un pr\u00e9fet ne pourra pas d\u00e9f\u00e9rer. document \u00e0 lire : Avis \u00e0 tous les Maires *************\u00a0\u00a0\u00a0\u00a0\u00a0\u00a0\u00a0\u00a0\u00a0\u00a0 **************** il y a bient\u00f4t des \u00e9lections municipales ! Une raison pour demander au maire actuel de se bouger sur les compteurs communicants Deux propositions \u2013non exclusives\u00a0: Premi\u00e8re &hellip; <a href=\"https:\/\/collectif-accad.fr\/site\/mairies\/courrier-au-maire\/\" class=\"more-link\">Continuer la lecture de <span class=\"screen-reader-text\">Courrier au maire<\/span><\/a><\/p>\n","protected":false},"author":4,"featured_media":0,"parent":191,"menu_order":0,"comment_status":"closed","ping_status":"closed","template":"","meta":{"footnotes":""},"class_list":["post-3794","page","type-page","status-publish","hentry"],"_links":{"self":[{"href":"https:\/\/collectif-accad.fr\/site\/wp-json\/wp\/v2\/pages\/3794","targetHints":{"allow":["GET"]}}],"collection":[{"href":"https:\/\/collectif-accad.fr\/site\/wp-json\/wp\/v2\/pages"}],"about":[{"href":"https:\/\/collectif-accad.fr\/site\/wp-json\/wp\/v2\/types\/page"}],"author":[{"embeddable":true,"href":"https:\/\/collectif-accad.fr\/site\/wp-json\/wp\/v2\/users\/4"}],"replies":[{"embeddable":true,"href":"https:\/\/collectif-accad.fr\/site\/wp-json\/wp\/v2\/comments?post=3794"}],"version-history":[{"count":5,"href":"https:\/\/collectif-accad.fr\/site\/wp-json\/wp\/v2\/pages\/3794\/revisions"}],"predecessor-version":[{"id":3805,"href":"https:\/\/collectif-accad.fr\/site\/wp-json\/wp\/v2\/pages\/3794\/revisions\/3805"}],"up":[{"embeddable":true,"href":"https:\/\/collectif-accad.fr\/site\/wp-json\/wp\/v2\/pages\/191"}],"wp:attachment":[{"href":"https:\/\/collectif-accad.fr\/site\/wp-json\/wp\/v2\/media?parent=3794"}],"curies":[{"name":"wp","href":"https:\/\/api.w.org\/{rel}","templated":true}]}}