{"id":325,"date":"2018-07-10T13:42:03","date_gmt":"2018-07-10T11:42:03","guid":{"rendered":"https:\/\/collectif-accad.fr\/site\/?page_id=325"},"modified":"2018-09-26T08:48:57","modified_gmt":"2018-09-26T06:48:57","slug":"recours","status":"publish","type":"page","link":"https:\/\/collectif-accad.fr\/site\/nos-actions\/recours\/","title":{"rendered":"Recours"},"content":{"rendered":"<p style=\"text-align: center;\"><span style=\"font-family: arial black, sans-serif; font-size: 18pt;\">Cette rubrique va \u00eatre remplie <\/span><\/p>\n<p style=\"text-align: center;\"><span style=\"font-family: arial black, sans-serif; font-size: 18pt;\">et mise \u00e0 jour r\u00e9guli\u00e8rement<br \/>\n<\/span><\/p>\n<p>Il faut d\u00e9j\u00e0 savoir qu&rsquo;une plainte a \u00e9t\u00e9 d\u00e9pos\u00e9e au commissariat de police de Douai, suite au vandalisme perp\u00e9tr\u00e9 \u00e0 Lauwin-Planque au mois de juin.<\/p>\n<p>Affaire \u00e0 suivre.<\/p>\n<p style=\"text-align: center;\"><img loading=\"lazy\" decoding=\"async\" class=\"alignnone size-full wp-image-229\" src=\"https:\/\/collectif-accad.fr\/site\/wp-content\/uploads\/2018\/07\/Linky-diapos-11.jpg\" alt=\"\" width=\"579\" height=\"400\" srcset=\"https:\/\/collectif-accad.fr\/site\/wp-content\/uploads\/2018\/07\/Linky-diapos-11.jpg 579w, https:\/\/collectif-accad.fr\/site\/wp-content\/uploads\/2018\/07\/Linky-diapos-11-300x207.jpg 300w\" sizes=\"auto, (max-width: 579px) 100vw, 579px\" \/><\/p>\n","protected":false},"excerpt":{"rendered":"<p>Cette rubrique va \u00eatre remplie et mise \u00e0 jour r\u00e9guli\u00e8rement Il faut d\u00e9j\u00e0 savoir qu&rsquo;une plainte a \u00e9t\u00e9 d\u00e9pos\u00e9e au commissariat de police de Douai, suite au vandalisme perp\u00e9tr\u00e9 \u00e0 Lauwin-Planque au mois de juin. Affaire \u00e0 suivre.<\/p>\n","protected":false},"author":4,"featured_media":0,"parent":165,"menu_order":0,"comment_status":"closed","ping_status":"closed","template":"","meta":{"footnotes":""},"class_list":["post-325","page","type-page","status-publish","hentry"],"_links":{"self":[{"href":"https:\/\/collectif-accad.fr\/site\/wp-json\/wp\/v2\/pages\/325","targetHints":{"allow":["GET"]}}],"collection":[{"href":"https:\/\/collectif-accad.fr\/site\/wp-json\/wp\/v2\/pages"}],"about":[{"href":"https:\/\/collectif-accad.fr\/site\/wp-json\/wp\/v2\/types\/page"}],"author":[{"embeddable":true,"href":"https:\/\/collectif-accad.fr\/site\/wp-json\/wp\/v2\/users\/4"}],"replies":[{"embeddable":true,"href":"https:\/\/collectif-accad.fr\/site\/wp-json\/wp\/v2\/comments?post=325"}],"version-history":[{"count":5,"href":"https:\/\/collectif-accad.fr\/site\/wp-json\/wp\/v2\/pages\/325\/revisions"}],"predecessor-version":[{"id":1604,"href":"https:\/\/collectif-accad.fr\/site\/wp-json\/wp\/v2\/pages\/325\/revisions\/1604"}],"up":[{"embeddable":true,"href":"https:\/\/collectif-accad.fr\/site\/wp-json\/wp\/v2\/pages\/165"}],"wp:attachment":[{"href":"https:\/\/collectif-accad.fr\/site\/wp-json\/wp\/v2\/media?parent=325"}],"curies":[{"name":"wp","href":"https:\/\/api.w.org\/{rel}","templated":true}]}}