{"id":315,"date":"2018-07-10T13:40:24","date_gmt":"2018-07-10T11:40:24","guid":{"rendered":"https:\/\/collectif-accad.fr\/site\/?page_id=315"},"modified":"2019-10-22T15:10:31","modified_gmt":"2019-10-22T13:10:31","slug":"tract-et-autocollant","status":"publish","type":"page","link":"https:\/\/collectif-accad.fr\/site\/outils\/tract-et-autocollant\/","title":{"rendered":"Tracts et Autocollants"},"content":{"rendered":"<p style=\"text-align: center;\"><strong><span style=\"font-size: 18pt;\">Quelques exemples de tracts<\/span><br \/>\n<\/strong><\/p>\n<p>Celui du 22 octobre 2019 : <strong><a href=\"https:\/\/collectif-accad.fr\/site\/wp-content\/uploads\/2019\/10\/tract-g\u00e9n\u00e9ral_A4-1911-1.doc\">tract g\u00e9n\u00e9ral_A4 1911<\/a><\/strong><\/p>\n<p>Celui du 28 mars 2019 : <strong><a href=\"https:\/\/collectif-accad.fr\/site\/wp-content\/uploads\/2019\/03\/tract-190328_2A5.pdf\">tract 190328_2A5<\/a><\/strong><\/p>\n<p>Celui du 27 f\u00e9vrier 2019 : <strong><a href=\"https:\/\/collectif-accad.fr\/site\/wp-content\/uploads\/2019\/02\/tract-190227_2A5.pdf\">tract 190227_2A5<\/a><\/strong><\/p>\n<p>Celui de f\u00e9vrier 2019 :\u00a0 <strong><a href=\"https:\/\/collectif-accad.fr\/site\/wp-content\/uploads\/2019\/02\/tract-190207_2A5.doc\">tract 190207_2A5<\/a><\/strong><\/p>\n<p>Celui de janvier 2019 : <a href=\"https:\/\/collectif-accad.fr\/site\/wp-content\/uploads\/2019\/01\/tract-190102_2A5.doc\"><strong>tract 190102_2A5<\/strong><\/a><\/p>\n<p>Celui de novembre 2018 : <strong><a href=\"https:\/\/collectif-accad.fr\/site\/wp-content\/uploads\/2018\/11\/tract-181111.pdf\">tract 181111<\/a><\/strong><\/p>\n<p>celui de septembre 2018 : <strong><a href=\"https:\/\/collectif-accad.fr\/site\/wp-content\/uploads\/2018\/09\/tract-180912.doc\">tract 180912<\/a><\/strong><\/p>\n<p><a href=\"https:\/\/collectif-accad.fr\/site\/wp-content\/uploads\/2018\/07\/Tract-180616-2_site.doc\">Tract 180616 2_site<\/a><\/p>\n<p><a href=\"https:\/\/collectif-accad.fr\/site\/wp-content\/uploads\/2018\/07\/Tract-180616-1_site.doc\">Tract 180616 1_site<\/a><\/p>\n<p><a href=\"https:\/\/collectif-accad.fr\/site\/wp-content\/uploads\/2018\/07\/tract-180531_site.docx\">tract 180531_site<\/a><\/p>\n<p><a href=\"https:\/\/collectif-accad.fr\/site\/wp-content\/uploads\/2018\/07\/tract-1805_site.doc\">tract 1805_site<\/a><\/p>\n<p><a href=\"https:\/\/collectif-accad.fr\/site\/wp-content\/uploads\/2018\/07\/Tract-180313_site.doc\">Tract 180313_site<\/a><\/p>\n<p><a href=\"https:\/\/collectif-accad.fr\/site\/wp-content\/uploads\/2018\/07\/Tract-180221-2_site.doc\">Tract 180221 2_site<\/a><\/p>\n<p><a href=\"https:\/\/collectif-accad.fr\/site\/wp-content\/uploads\/2018\/07\/Tract-180221-1_site.doc\">Tract 180221 1_site<\/a><\/p>\n<p><a href=\"https:\/\/collectif-accad.fr\/site\/wp-content\/uploads\/2018\/07\/Tract-180213_site.doc\">Tract 180213_site<\/a><\/p>\n<p><a href=\"https:\/\/collectif-accad.fr\/site\/wp-content\/uploads\/2018\/07\/Tract-171128_site.doc\">Tract 171128_site<\/a><\/p>\n<p style=\"text-align: center;\"><span style=\"font-size: 18pt;\"><strong>Des autocollants<\/strong><\/span><\/p>\n<p><strong>En vente 1 \u20ac ; les demander aux contacts du collectif<\/strong><\/p>\n<p style=\"text-align: center;\"><img loading=\"lazy\" decoding=\"async\" class=\"alignnone size-full wp-image-1117\" src=\"https:\/\/collectif-accad.fr\/site\/wp-content\/uploads\/2018\/09\/2autocollants-180901-1.jpg\" alt=\"\" width=\"400\" height=\"585\" srcset=\"https:\/\/collectif-accad.fr\/site\/wp-content\/uploads\/2018\/09\/2autocollants-180901-1.jpg 400w, https:\/\/collectif-accad.fr\/site\/wp-content\/uploads\/2018\/09\/2autocollants-180901-1-205x300.jpg 205w\" sizes=\"auto, (max-width: 400px) 100vw, 400px\" \/><\/p>\n<p style=\"text-align: center;\"><img loading=\"lazy\" decoding=\"async\" class=\"alignnone size-full wp-image-2920\" src=\"https:\/\/collectif-accad.fr\/site\/wp-content\/uploads\/2019\/02\/CompteursCommunicants_ACCAD-181026-9.jpg\" alt=\"\" width=\"305\" height=\"300\" srcset=\"https:\/\/collectif-accad.fr\/site\/wp-content\/uploads\/2019\/02\/CompteursCommunicants_ACCAD-181026-9.jpg 305w, https:\/\/collectif-accad.fr\/site\/wp-content\/uploads\/2019\/02\/CompteursCommunicants_ACCAD-181026-9-300x295.jpg 300w\" sizes=\"auto, (max-width: 305px) 100vw, 305px\" \/><\/p>\n<p>&nbsp;<\/p>\n<p>&nbsp;<\/p>\n","protected":false},"excerpt":{"rendered":"<p>Quelques exemples de tracts Celui du 22 octobre 2019 : tract g\u00e9n\u00e9ral_A4 1911 Celui du 28 mars 2019 : tract 190328_2A5 Celui du 27 f\u00e9vrier 2019 : tract 190227_2A5 Celui de f\u00e9vrier 2019 :\u00a0 tract 190207_2A5 Celui de janvier 2019 : tract 190102_2A5 Celui de novembre 2018 : tract 181111 celui de septembre 2018 : &hellip; <a href=\"https:\/\/collectif-accad.fr\/site\/outils\/tract-et-autocollant\/\" class=\"more-link\">Continuer la lecture de <span class=\"screen-reader-text\">Tracts et Autocollants<\/span><\/a><\/p>\n","protected":false},"author":4,"featured_media":0,"parent":163,"menu_order":0,"comment_status":"closed","ping_status":"closed","template":"","meta":{"footnotes":""},"class_list":["post-315","page","type-page","status-publish","hentry"],"_links":{"self":[{"href":"https:\/\/collectif-accad.fr\/site\/wp-json\/wp\/v2\/pages\/315","targetHints":{"allow":["GET"]}}],"collection":[{"href":"https:\/\/collectif-accad.fr\/site\/wp-json\/wp\/v2\/pages"}],"about":[{"href":"https:\/\/collectif-accad.fr\/site\/wp-json\/wp\/v2\/types\/page"}],"author":[{"embeddable":true,"href":"https:\/\/collectif-accad.fr\/site\/wp-json\/wp\/v2\/users\/4"}],"replies":[{"embeddable":true,"href":"https:\/\/collectif-accad.fr\/site\/wp-json\/wp\/v2\/comments?post=315"}],"version-history":[{"count":19,"href":"https:\/\/collectif-accad.fr\/site\/wp-json\/wp\/v2\/pages\/315\/revisions"}],"predecessor-version":[{"id":4368,"href":"https:\/\/collectif-accad.fr\/site\/wp-json\/wp\/v2\/pages\/315\/revisions\/4368"}],"up":[{"embeddable":true,"href":"https:\/\/collectif-accad.fr\/site\/wp-json\/wp\/v2\/pages\/163"}],"wp:attachment":[{"href":"https:\/\/collectif-accad.fr\/site\/wp-json\/wp\/v2\/media?parent=315"}],"curies":[{"name":"wp","href":"https:\/\/api.w.org\/{rel}","templated":true}]}}