{"id":297,"date":"2018-07-10T13:34:50","date_gmt":"2018-07-10T11:34:50","guid":{"rendered":"https:\/\/collectif-accad.fr\/site\/?page_id=297"},"modified":"2018-10-10T09:18:28","modified_gmt":"2018-10-10T07:18:28","slug":"surfacturations","status":"publish","type":"page","link":"https:\/\/collectif-accad.fr\/site\/refuser-linky\/surfacturations\/","title":{"rendered":"Surfacturations"},"content":{"rendered":"<p style=\"text-align: center;\"><span style=\"font-family: arial black, sans-serif; font-size: 18pt;\"><strong>Nos factures vont baisser ? <\/strong><\/span><\/p>\n<p style=\"text-align: center;\"><strong><span style=\"font-family: verdana, geneva, sans-serif; font-size: 18pt;\">Au contraire !<\/span><\/strong><\/p>\n<p style=\"text-align: justify;\"><strong>C\u00f4tes-d&rsquo;Armor\u00a0: depuis l&rsquo;installation d&rsquo;un compteur Linky, ses factures multipli\u00e9es par 10<\/strong><\/p>\n<p style=\"text-align: justify;\"><strong>Ce client m\u00e9content a contact\u00e9 le fournisseur d&rsquo;\u00e9nergie qui ne lui a toujours pas apport\u00e9 d&rsquo;explication.<\/strong><\/p>\n<p style=\"text-align: justify;\">Si Patrick n&rsquo;\u00e9tait pas forc\u00e9ment contre le compteur intelligent <strong>Linky<\/strong> \u00e0 la base, il a vite d\u00e9chant\u00e9 apr\u00e8s avoir re\u00e7u ses premi\u00e8res factures. Depuis l&rsquo;installation du compteur connect\u00e9, ses factures d&rsquo;\u00e9lectricit\u00e9 connaissent une inflation fulgurante au point d&rsquo;\u00eatre multipli\u00e9es par 10.<\/p>\n<p style=\"text-align: justify;\"><strong>4500\u00a0euros de r\u00e9gularisation<\/strong><\/p>\n<p style=\"text-align: justify;\">Ce sont <a href=\"https:\/\/www.ouest-france.fr\/bretagne\/broons-22250\/broons-ses-factures-edf-explosent-depuis-qu-il-un-compteur-linky-5960935\">nos confr\u00e8res de Ouest-France<\/a> qui relaient l&rsquo;histoire de cet habitant de la commune de\u00a0Broons, au sud de Dinan\u00a0(C\u00f4tes-d&rsquo;Armor). Tout commence en avril 2017 lorsqu&rsquo;un employ\u00e9 du sous-traitant qui a l&rsquo;installation des Linky se pr\u00e9sente \u00e0 son domicile pour la mise en place du compteur.<\/p>\n<p style=\"text-align: justify;\">Tout se passe pour le mieux jusqu&rsquo;\u00e0 la r\u00e9ception de la premi\u00e8re facture cons\u00e9cutive \u00e0 cette installation. Le fournisseur r\u00e9clame en effet 4500\u00a0euros de r\u00e9gularisation \u00e0 son client deux mois plus tard. Les factures astronomiques continuent de tomber comme les feuilles mortes puisqu&rsquo;en f\u00e9vrier 2018, Patrick doit payer 1018\u00a0euros alors qu&rsquo;avant l&rsquo;installation du compteur, la m\u00eame facture s&rsquo;\u00e9levait \u00e0 120 en f\u00e9vrier 2017. En \u00e9pluchant le d\u00e9tail des factures, Patrick remarque une augmentation astronomique de ses consommations depuis l&rsquo;arriv\u00e9e du compteur alors qu&rsquo;il n&rsquo;a rien chang\u00e9 \u00e0 ses habitudes.<\/p>\n<p style=\"text-align: justify;\"><strong>Plusieurs cas similaires<\/strong><\/p>\n<p style=\"text-align: justify;\">Le client appelle alors le fournisseur d&rsquo;\u00e9nergie pour d\u00e9poser une r\u00e9clamation. Depuis, il attend toujours qu&rsquo;une solution soit apport\u00e9e \u00e0 son probl\u00e8me malgr\u00e9 de nombreuses relances. Dans l&rsquo;impasse, il a envoy\u00e9 sa r\u00e9clamation au m\u00e9diateur d&rsquo;EDF.<\/p>\n<p style=\"text-align: justify;\">Selon\u00a0Sylvie Corvolet, pr\u00e9sidente du collectif Jeconservemoncompteur qui s&rsquo;oppose fermement au compteur intelligent, les cas de ce type semblent se multiplier ces derni\u00e8res semaines. Selon elle, les compteurs Linky ont \u00e9t\u00e9 install\u00e9s trop rapidement et les phases de test n&rsquo;ont pas \u00e9t\u00e9 assez pouss\u00e9es.<\/p>\n<p style=\"text-align: justify;\">Contact\u00e9 par nos confr\u00e8res, EDF a pr\u00e9cis\u00e9 que le client flou\u00e9 ne paiera que ce qu&rsquo;il a consomm\u00e9. Un technicien devrait passer pour v\u00e9rifier le fonctionnement du compteur dans les jours \u00e0 venir.<\/p>\n<p style=\"text-align: justify;\">24matins \u2013 10 septembre, 15h20<\/p>\n<p style=\"text-align: justify;\"><a href=\"http:\/\/portail.free.fr\/actualites\/insolite\/7854989_20180910_cotes-d39armor-depuis-l39installation-d39un-compteur-linky-ses-factures-multipliees-par-10.html\">http:\/\/portail.free.fr\/actualites\/insolite\/7854989_20180910_<\/a><\/p>\n<p style=\"text-align: center;\">***************\u00a0\u00a0\u00a0\u00a0\u00a0\u00a0\u00a0\u00a0\u00a0\u00a0\u00a0 ***************<\/p>\n<p style=\"text-align: center;\"><strong><span style=\"font-size: 18pt;\">Une coupure d\u2019\u00e9lectricit\u00e9 \u00e0 Arras<br \/>\n<\/span><\/strong><\/p>\n<p style=\"text-align: center;\"><strong><span style=\"font-size: 18pt;\"> \u00e0 cause d&rsquo;une surfacturation !<\/span> <\/strong><\/p>\n<p><strong>UN SCANDALE\u00a0!<\/strong><\/p>\n<p style=\"text-align: justify;\">Une Arrageoise de 84 ans, Madame M., s\u2019est vue imposer \u2013sans avoir la connaissance de la r\u00e9alit\u00e9 Linky- le nouveau compteur-capteur. Cela date du 22 f\u00e9vrier 2017.<br \/>\nDe ce fait, sa facture est pass\u00e9e de 103,67 \u20ac en 2016 \u00e0 \u2026 468,27 \u20ac en 2017\u00a0!<\/p>\n<p style=\"text-align: justify;\">Sa facture de mars 2018 se montait \u00e0 194,38 \u20ac.<\/p>\n<p style=\"text-align: justify;\">Bien entendu, Mme M. ne pouvait pas payer la derni\u00e8re facture de 2017 qui se montait \u00e0 409,94 \u20ac. Elle a donc pay\u00e9 une partie. Ce qui fait que sa \u00ab\u00a0dette\u00a0\u00bb de d\u00e9but mars 2018 se monte \u00e0 544,32 \u20ac.<\/p>\n<p style=\"text-align: justify;\">Devant son refus de payer ce qu\u2019elle consid\u00e8re comme une facture trop importante, Enedis a d\u00e9cid\u00e9 de la menacer de lui couper l\u2019\u00e9lectricit\u00e9. La r\u00e9action de cette Arrageoise a \u00e9t\u00e9 rapide\u00a0: elle s\u2019est priv\u00e9e d\u2019\u00e9lectricit\u00e9.<\/p>\n<p style=\"text-align: justify;\">La mairie d\u2019Arras a \u00e9t\u00e9 pr\u00e9venue. Sa premi\u00e8re r\u00e9action a \u00e9t\u00e9 de dire que le probl\u00e8me Linky \u00e9tait un probl\u00e8me priv\u00e9 \u2026 ce qui voulait dire que cela ne concernait pas la ville d\u2019Arras. Par la suite, la mairie a un peu reconsid\u00e9r\u00e9 sa position. Elle demande \u00e0 Mme M. de contacter les services sociaux. Il n\u2019en est pas question dans la mesure o\u00f9 Mme M. a, durant toute sa vie, g\u00e9r\u00e9 sa situation en fonction des contraintes et des n\u00e9cessit\u00e9s\u00a0; elle n\u2019a jamais fait appel aux services sociaux et ne compte pas les utiliser \u00e0 cause d\u2019un probl\u00e8me qui n\u2019est pas de son fait.<\/p>\n<p style=\"text-align: justify;\"><strong>Derni\u00e8re nouvelle\u00a0: Madame M. n\u2019a plus d\u2019\u00e9lectricit\u00e9\u00a0; on lui a coup\u00e9 l\u2019arriv\u00e9e de l\u2019\u00e9lectricit\u00e9.<\/strong><\/p>\n<p style=\"text-align: justify;\">Un scandale\u00a0! Ceci \u00e0 la veille de conditions climatiques qui vont n\u00e9cessiter l\u2019utilisation d\u2019un peu d\u2019\u00e9lectricit\u00e9.<\/p>\n<p style=\"text-align: center;\">*****************\u00a0\u00a0\u00a0\u00a0\u00a0\u00a0\u00a0\u00a0\u00a0\u00a0\u00a0\u00a0 **********<\/p>\n<p style=\"text-align: justify;\">La puissance maximale de votre abonnement est calibr\u00e9e par tranche de 3kVA (3, 6, 9, 12 et 15 kVA pour les particuliers). Votre compteur \u00e9lectrique actuel (\u00e9lectrom\u00e9canique \u00e0 roue dent\u00e9e ou \u00e9lectronique) a une marge de tol\u00e9rance au d\u00e9passement de puissance d\u2019environ 10%.<\/p>\n<p style=\"text-align: justify;\">Vous pouvez par exemple, avec un abonnement de 6 kWh, consommer jusqu\u2019\u00e0 6,6 kWh sans aucun probl\u00e8me. Votre compteur encaisse la surcharge sans broncher.<\/p>\n<p style=\"text-align: justify;\">Avec le Linky, il n\u2019y aura plus de tol\u00e9rance ! Il est donc \u00e0 craindre qu\u2019au moindre d\u00e9passement de puissance Enedis vous propose (vous impose ?) de passer au forfait de la tranche sup\u00e9rieure. Les r\u00e9ponses \u00e9vasives et contradictoires des communicants d\u2019Enedis \u00e0 ce sujet laissent craindre le pire. L\u2019UFC-Que Choisir estime que 37% des clients\u2026soit 10 millions d\u2019abonn\u00e9s\u2026devront souscrire un abonnement sup\u00e9rieur\u00a0; donc augmentation de la facture.<\/p>\n<p style=\"text-align: justify;\">L&rsquo;installation de 35 millions de compteurs connect\u00e9s Linky en France d&rsquo;ici 2024 n\u2019est pas gratuite et n\u00e9cessite un investissement tr\u00e8s important.\u00a0Cela va co\u00fbter aux alentours de 8 milliards\u00a0! La Cour des comptes rappelle que\u00a0le financement par appareil est \u00ab\u00a0assur\u00e9 par les usagers\u00a0\u00bb\u00a0; et pas \u00e0 n\u2019importe quel prix\u00a0: 130 \u20ac. Non seulement ce n\u2019est pas gratuit, comme l\u2019avait toujours clam\u00e9 Enedis mais c\u2019est cher pour un compteur\u00a0 que l\u2019on paie d\u00e9j\u00e0 dans la facture d\u2019\u00e9lectricit\u00e9.<\/p>\n<p style=\"text-align: justify;\">Par ailleurs, avec Linky, on va pouvoir calculer la consommation en kVA (kilo Volt Amp\u00e8re) et non plus en kW (kilo Watt). C\u2019est diff\u00e9rent car cela fait appel \u00e0 une notion physique qui s\u2019appelle le cosinus phi\u00a0; cela se fera au d\u00e9triment des usagers. Pour en savoir plus sur ce sujet :<\/p>\n<p><a href=\"https:\/\/collectif-accad.fr\/site\/wp-content\/uploads\/2018\/08\/Larnaque-cach\u00e9e-dERDF.pdf\">L&rsquo;arnaque cach\u00e9e d&rsquo;ERDF<\/a><\/p>\n<p style=\"text-align: justify;\">Contrairement aux anciens compteurs \u00e9lectrom\u00e9caniques, le Linky consomme de l&rsquo;\u00e9lectricit\u00e9 pour son fonctionnement\u00a0: c\u2019est l\u2019utilisateur qui paiera\u00a0!<\/p>\n<p style=\"text-align: justify;\">A Quarouble (dans le Nord), la facture a \u00e9t\u00e9 multipli\u00e9e par 3,5 apr\u00e8s la pose du Linky<\/p>\n<p style=\"text-align: justify;\">En Lorraine, une association de consommateurs a vu sa facture augmenter.<\/p>\n<p style=\"text-align: justify;\">Le journal la tribune a fait un article indiquant que certains consommateurs surestiment la consommation r\u00e9elle<\/p>\n<p style=\"text-align: justify;\">Un autre \u00e9l\u00e9ment \u00e0 ne pas n\u00e9gliger : en fonction des \u00ab\u00a0choix\u00a0\u00bb des abonn\u00e9s, des tarifs variables seront propos\u00e9s en fonction d&rsquo;options \u00ab choisies \u00bb par les clients, cr\u00e9ant un v\u00e9ritable maquis des prix, illisible, et dans lequel tout le monde serait perdant \u00e0 terme\u2026 sauf EDF.<\/p>\n<p style=\"text-align: center;\"><img loading=\"lazy\" decoding=\"async\" class=\"alignnone size-full wp-image-242\" src=\"https:\/\/collectif-accad.fr\/site\/wp-content\/uploads\/2018\/07\/Linky-diapos-24.jpg\" alt=\"\" width=\"551\" height=\"400\" srcset=\"https:\/\/collectif-accad.fr\/site\/wp-content\/uploads\/2018\/07\/Linky-diapos-24.jpg 551w, https:\/\/collectif-accad.fr\/site\/wp-content\/uploads\/2018\/07\/Linky-diapos-24-300x218.jpg 300w\" sizes=\"auto, (max-width: 551px) 100vw, 551px\" \/><\/p>\n","protected":false},"excerpt":{"rendered":"<p>Nos factures vont baisser ? Au contraire ! C\u00f4tes-d&rsquo;Armor\u00a0: depuis l&rsquo;installation d&rsquo;un compteur Linky, ses factures multipli\u00e9es par 10 Ce client m\u00e9content a contact\u00e9 le fournisseur d&rsquo;\u00e9nergie qui ne lui a toujours pas apport\u00e9 d&rsquo;explication. Si Patrick n&rsquo;\u00e9tait pas forc\u00e9ment contre le compteur intelligent Linky \u00e0 la base, il a vite d\u00e9chant\u00e9 apr\u00e8s avoir re\u00e7u &hellip; <a href=\"https:\/\/collectif-accad.fr\/site\/refuser-linky\/surfacturations\/\" class=\"more-link\">Continuer la lecture de <span class=\"screen-reader-text\">Surfacturations<\/span><\/a><\/p>\n","protected":false},"author":4,"featured_media":0,"parent":132,"menu_order":0,"comment_status":"closed","ping_status":"closed","template":"","meta":{"footnotes":""},"class_list":["post-297","page","type-page","status-publish","hentry"],"_links":{"self":[{"href":"https:\/\/collectif-accad.fr\/site\/wp-json\/wp\/v2\/pages\/297","targetHints":{"allow":["GET"]}}],"collection":[{"href":"https:\/\/collectif-accad.fr\/site\/wp-json\/wp\/v2\/pages"}],"about":[{"href":"https:\/\/collectif-accad.fr\/site\/wp-json\/wp\/v2\/types\/page"}],"author":[{"embeddable":true,"href":"https:\/\/collectif-accad.fr\/site\/wp-json\/wp\/v2\/users\/4"}],"replies":[{"embeddable":true,"href":"https:\/\/collectif-accad.fr\/site\/wp-json\/wp\/v2\/comments?post=297"}],"version-history":[{"count":12,"href":"https:\/\/collectif-accad.fr\/site\/wp-json\/wp\/v2\/pages\/297\/revisions"}],"predecessor-version":[{"id":1845,"href":"https:\/\/collectif-accad.fr\/site\/wp-json\/wp\/v2\/pages\/297\/revisions\/1845"}],"up":[{"embeddable":true,"href":"https:\/\/collectif-accad.fr\/site\/wp-json\/wp\/v2\/pages\/132"}],"wp:attachment":[{"href":"https:\/\/collectif-accad.fr\/site\/wp-json\/wp\/v2\/media?parent=297"}],"curies":[{"name":"wp","href":"https:\/\/api.w.org\/{rel}","templated":true}]}}