{"id":1930,"date":"2018-10-16T15:55:16","date_gmt":"2018-10-16T13:55:16","guid":{"rendered":"https:\/\/collectif-accad.fr\/site\/?page_id=1930"},"modified":"2026-01-11T17:39:27","modified_gmt":"2026-01-11T16:39:27","slug":"comment-refuser","status":"publish","type":"page","link":"https:\/\/collectif-accad.fr\/site\/autres-compteurs\/gazpar\/comment-refuser\/","title":{"rendered":"Comment refuser ?"},"content":{"rendered":"<p style=\"text-align: center;\"><img loading=\"lazy\" decoding=\"async\" class=\"alignnone size-full wp-image-2043\" src=\"https:\/\/collectif-accad.fr\/site\/wp-content\/uploads\/2018\/10\/CompteursCommunicants_ACCAD-181026-0.jpg\" alt=\"\" width=\"498\" height=\"490\" srcset=\"https:\/\/collectif-accad.fr\/site\/wp-content\/uploads\/2018\/10\/CompteursCommunicants_ACCAD-181026-0.jpg 498w, https:\/\/collectif-accad.fr\/site\/wp-content\/uploads\/2018\/10\/CompteursCommunicants_ACCAD-181026-0-300x295.jpg 300w\" sizes=\"auto, (max-width: 498px) 100vw, 498px\" \/><\/p>\n<p>&nbsp;<\/p>\n<p><strong><span style=\"font-size: 24pt;\"><span style=\"font-family: Comic Sans MS, serif;\">Peut-on<\/span><span style=\"font-family: Comic Sans MS, serif;\"> refuser un compteur gaz\u00a0?<\/span><\/span><\/strong><\/p>\n<p><span style=\"font-family: Comic Sans MS, serif;\"><span style=\"font-size: medium;\">Voir article en date du 13 janvier 2026<\/span><\/span><\/p>\n<p><span style=\"font-family: Comic Sans MS, serif;\"><span style=\"font-size: medium;\"><a href=\"https:\/\/collectif-accad.fr\/site\/peut-on-refuser-un-compteur-gaz\/\">https:\/\/collectif-accad.fr\/site\/peut-on-refuser-un-compteur-gaz\/<\/a> <\/span><\/span><\/p>\n<ul>\n<li>\n<p style=\"text-align: justify;\"><span style=\"font-family: Comic Sans MS, serif;\"><span style=\"font-size: medium;\">Comme la loi impose le changement au bout de 20 ans, <\/span><\/span><span style=\"font-family: Comic Sans MS, serif;\"><span style=\"font-size: medium;\">s<\/span><\/span><span style=\"font-family: Comic Sans MS, serif;\"><span style=\"font-size: medium;\">i on accepte le changement on peut tr\u00e8s bien demander \u00e0 ce que le <strong><span style=\"font-size: 18pt;\">compteur gazpar ne soit pas connect\u00e9<\/span><\/strong>. C\u2019est ce qu\u2019on fait de nombreuses personnes. C\u2019est ce qui est indiqu\u00e9 dans la pi\u00e8ce jointe.<\/span><\/span><\/p>\n<\/li>\n<\/ul>\n<p><strong><a href=\"https:\/\/collectif-accad.fr\/site\/wp-content\/uploads\/2026\/01\/lettre-refus-gazpar-connecte-2601.doc\">lettre-refus-gazpar connect\u00e9 2601<\/a><\/strong><\/p>\n<p><strong><span style=\"font-family: Comic Sans MS, cursive; font-size: 14pt;\">Modifiez-l\u00e0 si n\u00e9cessaire et envoyez-l\u00e0 \u00e0 GrDF de votre r\u00e9gion.<\/span><\/strong><\/p>\n<p style=\"text-align: justify;\"><span style=\"font-family: Comic Sans MS, serif;\"><span style=\"font-size: medium;\">Il est \u00e9vident que gazpar n\u2019est pas techniquement comparable \u00e0 linky. Linky est dangereux \u00e0 cause de son CPL (Courant Porteur en Ligne). C\u2019est ce CPL qui envoie plein d\u2019ondes \u00e9lectromagn\u00e9tiques tr\u00e8s nocives pour de nombreux humains \u2013 m\u00eame si on n\u2019est pas en \u00ab\u00a0possession\u00a0\u00bb du linky. Ce CPL n\u2019existe chez gazpar.<br \/>\nLes compteurs d\u2019eau sont semblables \u00e0 gazpar\u00a0: il n\u2019y a pas de CPL.<br \/>\nMais compteur linky, compteur gazpar, compteur eau\u00a0: cela fait un ensemble de mat\u00e9riels connect\u00e9s. Et cet ensemble est mauvais pour la sant\u00e9\u00a0: les EHS peuvent en t\u00e9moigner. <\/span><\/span><\/p>\n<p style=\"text-align: center;\">** **<\/p>\n<p style=\"text-align: center;\"><strong><span style=\"font-size: 18pt;\">Vous voulez refuser le compteur Gazpar ?<\/span><br \/>\n<\/strong><\/p>\n<p style=\"text-align: justify;\">Voici un mod\u00e8le de lettre que vous enverrez en lettre recommand\u00e9 avec accus\u00e9 de reception<\/p>\n<p>\u00e0 GrDF pour refuser le compteur \u00ab\u00a0intelligent\u00a0\u00bb :<\/p>\n<p><strong><a href=\"https:\/\/collectif-accad.fr\/site\/wp-content\/uploads\/2018\/12\/lettre-refus-gazpar-181201.doc\">lettre-refus-gazpar 181201<\/a><\/strong><\/p>\n<p>&nbsp;<\/p>\n<p style=\"text-align: justify;\"><strong>Ensuite, vous envoyez une copie de cette lettre au maire de la commune.<\/strong><\/p>\n<p style=\"text-align: center;\">************\u00a0\u00a0\u00a0\u00a0\u00a0\u00a0\u00a0\u00a0\u00a0\u00a0\u00a0 ********<\/p>\n<p style=\"text-align: center;\"><span style=\"font-size: 18pt;\"><strong>Un autre mod\u00e8le de lettre<\/strong><\/span><\/p>\n<p>&nbsp;<\/p>\n<p>Lettre adress\u00e9e \u00e0 GRDF (Gaz R\u00e9seau Distribution France)<\/p>\n<p><strong>Courrier en recommand\u00e9 avec accus\u00e9 de r\u00e9ception.<\/strong><\/p>\n<p><strong><em>Copie au maire de la commune<\/em><\/strong><\/p>\n<p><strong>Objet : refus du remplacement de mon compteur de gaz par le compteur Gazpar<\/strong><\/p>\n<p>Nom, Pr\u00e9nom\u00a0;\u00a0\u00a0\u00a0\u00a0\u00a0\u00a0\u00a0\u00a0\u00a0 \u00a0adresse\u00a0; \u00a0\u00a0\u00a0\u00a0\u00a0\u00a0\u00a0\u00a0\u00a0\u00a0\u00a0\u00a0\u00a0\u00a0PCE<\/p>\n<p style=\"text-align: center;\"><strong>GrDF\u00a0; service clients<\/strong><\/p>\n<p style=\"text-align: center;\"><strong>Compteurs communicants gaz<\/strong><\/p>\n<p style=\"text-align: center;\"><strong>TSA 85101<\/strong><\/p>\n<p style=\"text-align: center;\"><strong>27091 EVREUX cedex<\/strong><\/p>\n<p>Madame, Monsieur,<\/p>\n<p style=\"text-align: justify;\">Nous avons re\u00e7u fin septembre un courrier contenant un \u00ab dossier d\u2019\u00e9tude de branchement \u00bb concernant le renouvellement du r\u00e9seau de gaz et la reprise de branchement. Dans ce dossier on nous demandait de signer un document qui ne nous semblait pas clair et que nous n\u2019avons jamais ni sign\u00e9 ni renvoy\u00e9. Dans un courrier d\u00e9pos\u00e9 dans notre boite aux lettres autour du 20 octobre, GRDF et l\u2019entreprise T\u2026 nous informait que des travaux allaient avoir lieu dans notre rue pour \u00abmettre \u00e0 jour le r\u00e9seau \u00bb et ce, malgr\u00e9 l\u2019absence de notre accord sign\u00e9. Il nous a \u00e9t\u00e9 tr\u00e8s difficile d\u2019obtenir des informations sur ce qui allait \u00eatre r\u00e9ellement fait comme travaux sur notre installation. Apr\u00e8s avoir eu plusieurs interlocuteurs chez T\u2026 puis un contact chez GRDF, nous avons finalement compris que l\u2019on pr\u00e9voyait de nous installer le compteur communicant \u00ab Gazpar \u00bb. Il a fallu directement poser la question \u00e0 l\u2019interlocuteur de GRDF qui nous a dit que la pose \u00e9tait pr\u00e9vue chez nous pour le 5 d\u00e9cembre.<\/p>\n<p style=\"text-align: justify;\">Plusieurs points nous interpellent :<\/p>\n<ul style=\"text-align: justify;\">\n<li><strong>Cette m\u00e9thode nous parait un passage en force <\/strong>o\u00f9 l\u2019on tente de nous faire signer un document qui cache la v\u00e9rit\u00e9. Concernant le compteur, sur la premi\u00e8re page du document, il est indiqu\u00e9 (\u00ab Situation actuelle : compteur conserv\u00e9, Situation projet\u00e9e compteur remplac\u00e9).<\/li>\n<\/ul>\n<p style=\"text-align: justify;\">Au verso, il est marqu\u00e9 r\u00e9\u00e9quipement complet du coffret \u00ab Compteur Garpar \u00bb (et non pas gazpar) mais dans le d\u00e9tail il est mis 1 robinet, 1 r\u00e9gulateur \u2026. Mais pas de compteur \u2022<\/p>\n<p style=\"text-align: justify;\"><strong>.<\/strong> Il est <strong>injustifiable sur le plan environnemental et financier <\/strong>de se d\u00e9barrasser de 11 millions de compteurs de gaz en \u00e9tat de marche. D\u2019autre part, remplacer des emplois humains par du relev\u00e9 \u00e0 distance nous interpelle.<\/p>\n<ul style=\"text-align: justify;\">\n<li>Ce type de compteur est \u00e9galement l\u2019objet d\u2019un certain nombre d\u2019interrogations (effets sur la sant\u00e9, protection des donn\u00e9es personnelles, installation d\u2019antennes relais \u2026)<\/li>\n<\/ul>\n<p style=\"text-align: justify;\"><strong>En attente d\u2019une r\u00e9ponse de votre part, nous vous informons que nous refusons l\u2019installation du compteur Gazpar \u00e0 notre domicile.<\/strong><\/p>\n<p style=\"text-align: justify;\">Nous vous prions de recevoir, Madame, Monsieur, nos salutations distingu\u00e9es.<\/p>\n<p style=\"text-align: center;\"><img loading=\"lazy\" decoding=\"async\" class=\"alignnone size-full wp-image-1940\" src=\"https:\/\/collectif-accad.fr\/site\/wp-content\/uploads\/2018\/10\/Ondes-1809-03-1.jpg\" alt=\"\" width=\"1044\" height=\"328\" srcset=\"https:\/\/collectif-accad.fr\/site\/wp-content\/uploads\/2018\/10\/Ondes-1809-03-1.jpg 1044w, https:\/\/collectif-accad.fr\/site\/wp-content\/uploads\/2018\/10\/Ondes-1809-03-1-300x94.jpg 300w, https:\/\/collectif-accad.fr\/site\/wp-content\/uploads\/2018\/10\/Ondes-1809-03-1-768x241.jpg 768w, https:\/\/collectif-accad.fr\/site\/wp-content\/uploads\/2018\/10\/Ondes-1809-03-1-1024x322.jpg 1024w\" sizes=\"auto, (max-width: 1044px) 100vw, 1044px\" \/><\/p>\n","protected":false},"excerpt":{"rendered":"<p>&nbsp; Peut-on refuser un compteur gaz\u00a0? Voir article en date du 13 janvier 2026 https:\/\/collectif-accad.fr\/site\/peut-on-refuser-un-compteur-gaz\/ Comme la loi impose le changement au bout de 20 ans, si on accepte le changement on peut tr\u00e8s bien demander \u00e0 ce que le compteur gazpar ne soit pas connect\u00e9. C\u2019est ce qu\u2019on fait de nombreuses personnes. C\u2019est ce &hellip; <a href=\"https:\/\/collectif-accad.fr\/site\/autres-compteurs\/gazpar\/comment-refuser\/\" class=\"more-link\">Continuer la lecture de <span class=\"screen-reader-text\">Comment refuser ?<\/span><\/a><\/p>\n","protected":false},"author":4,"featured_media":0,"parent":187,"menu_order":0,"comment_status":"closed","ping_status":"closed","template":"","meta":{"footnotes":""},"class_list":["post-1930","page","type-page","status-publish","hentry"],"_links":{"self":[{"href":"https:\/\/collectif-accad.fr\/site\/wp-json\/wp\/v2\/pages\/1930","targetHints":{"allow":["GET"]}}],"collection":[{"href":"https:\/\/collectif-accad.fr\/site\/wp-json\/wp\/v2\/pages"}],"about":[{"href":"https:\/\/collectif-accad.fr\/site\/wp-json\/wp\/v2\/types\/page"}],"author":[{"embeddable":true,"href":"https:\/\/collectif-accad.fr\/site\/wp-json\/wp\/v2\/users\/4"}],"replies":[{"embeddable":true,"href":"https:\/\/collectif-accad.fr\/site\/wp-json\/wp\/v2\/comments?post=1930"}],"version-history":[{"count":9,"href":"https:\/\/collectif-accad.fr\/site\/wp-json\/wp\/v2\/pages\/1930\/revisions"}],"predecessor-version":[{"id":14449,"href":"https:\/\/collectif-accad.fr\/site\/wp-json\/wp\/v2\/pages\/1930\/revisions\/14449"}],"up":[{"embeddable":true,"href":"https:\/\/collectif-accad.fr\/site\/wp-json\/wp\/v2\/pages\/187"}],"wp:attachment":[{"href":"https:\/\/collectif-accad.fr\/site\/wp-json\/wp\/v2\/media?parent=1930"}],"curies":[{"name":"wp","href":"https:\/\/api.w.org\/{rel}","templated":true}]}}