{"id":161,"date":"2018-07-09T15:06:30","date_gmt":"2018-07-09T13:06:30","guid":{"rendered":"https:\/\/collectif-accad.fr\/site\/?page_id=161"},"modified":"2022-11-03T05:59:30","modified_gmt":"2022-11-03T04:59:30","slug":"autres-compteurs","status":"publish","type":"page","link":"https:\/\/collectif-accad.fr\/site\/autres-compteurs\/","title":{"rendered":"Autres Compteurs"},"content":{"rendered":"<h2 style=\"text-align: center;\"><strong>Linky fait parler de lui. <\/strong><\/h2>\n<p style=\"text-align: center;\"><span style=\"font-family: arial black, sans-serif; font-size: 18pt;\"><strong>Les deux autres <\/strong><strong>compteurs-capteurs<\/strong><\/span><\/p>\n<p style=\"text-align: center;\"><span style=\"font-family: arial black, sans-serif; font-size: 18pt;\"><strong> \u00ab\u00a0intelligents\u00a0\u00bb <\/strong><\/span><strong><span style=\"font-family: arial black, sans-serif; font-size: 18pt;\">sont plus discrets !<\/span><br \/>\n<\/strong><\/p>\n<p><span style=\"font-size: 18pt;\"><strong>\u00a0<\/strong><\/span><\/p>\n<blockquote class=\"wp-embedded-content\" data-secret=\"UjCBsPHOsx\"><p><a href=\"https:\/\/collectif-accad.fr\/site\/autres-compteurs\/compteur-eau\/\">Compteur eau<\/a><\/p><\/blockquote>\n<p><iframe loading=\"lazy\" class=\"wp-embedded-content\" sandbox=\"allow-scripts\" security=\"restricted\" style=\"position: absolute; clip: rect(1px, 1px, 1px, 1px);\" title=\"\u00ab\u00a0Compteur eau\u00a0\u00bb &#8212; ACCAD : Anti Compteurs Communicants Artois (62)-Douaisis (59)\" src=\"https:\/\/collectif-accad.fr\/site\/autres-compteurs\/compteur-eau\/embed\/#?secret=yyqqcuXp78#?secret=UjCBsPHOsx\" data-secret=\"UjCBsPHOsx\" width=\"600\" height=\"338\" frameborder=\"0\" marginwidth=\"0\" marginheight=\"0\" scrolling=\"no\"><\/iframe><\/p>\n<p><strong><span style=\"font-size: 18pt;\">\u00a0<\/span><\/strong><\/p>\n<blockquote class=\"wp-embedded-content\" data-secret=\"WVynMcqLGY\"><p><a href=\"https:\/\/collectif-accad.fr\/site\/autres-compteurs\/gazpar\/\">Gazpar<\/a><\/p><\/blockquote>\n<p><iframe loading=\"lazy\" class=\"wp-embedded-content\" sandbox=\"allow-scripts\" security=\"restricted\" style=\"position: absolute; clip: rect(1px, 1px, 1px, 1px);\" title=\"\u00ab\u00a0Gazpar\u00a0\u00bb &#8212; ACCAD : Anti Compteurs Communicants Artois (62)-Douaisis (59)\" src=\"https:\/\/collectif-accad.fr\/site\/autres-compteurs\/gazpar\/embed\/#?secret=gthl9T9b6w#?secret=WVynMcqLGY\" data-secret=\"WVynMcqLGY\" width=\"600\" height=\"338\" frameborder=\"0\" marginwidth=\"0\" marginheight=\"0\" scrolling=\"no\"><\/iframe><\/p>\n<p style=\"text-align: justify;\">Ce n&rsquo;est pas UN compteur communicant qui est pr\u00e9vu mais au moins trois par logement (\u00e9lectricit\u00e9, gaz, eau). Les uns (les Linky) g\u00e9n\u00e8rent des rayonnements par CPL, les autres envoient des ondes radios\u2026<\/p>\n<p style=\"text-align: justify;\"><strong>Que dire de l&rsquo;accumulation des ondes g\u00e9n\u00e9r\u00e9es par 3 compteurs, par ces concentrateurs, ces r\u00e9p\u00e9titeurs, ces antennes \u2026 ?\u00a0<\/strong><\/p>\n<p style=\"text-align: justify;\">Contrairement au Linky qui diffuse ses infos dans les fils \u00e9lectriques du logement, le compteur communicant d&rsquo;eau et celui de gaz (Gazpar) \u00e9mettent leurs ondes directement dans les airs.<br \/>\nDe fait, on peut totalement les annihiler en entourant soigneusement le compteur de deux ou trois couches de papier alu : le compteur fonctionne alors comme un compteur ordinaire.<\/p>\n<p style=\"text-align: center;\"><img loading=\"lazy\" decoding=\"async\" class=\"alignnone size-full wp-image-559\" src=\"https:\/\/collectif-accad.fr\/site\/wp-content\/uploads\/2018\/07\/Logo_accad-180722-4.jpg\" alt=\"\" width=\"803\" height=\"529\" srcset=\"https:\/\/collectif-accad.fr\/site\/wp-content\/uploads\/2018\/07\/Logo_accad-180722-4.jpg 803w, https:\/\/collectif-accad.fr\/site\/wp-content\/uploads\/2018\/07\/Logo_accad-180722-4-300x198.jpg 300w, https:\/\/collectif-accad.fr\/site\/wp-content\/uploads\/2018\/07\/Logo_accad-180722-4-768x506.jpg 768w\" sizes=\"auto, (max-width: 803px) 100vw, 803px\" \/><\/p>\n","protected":false},"excerpt":{"rendered":"<p>Linky fait parler de lui. Les deux autres compteurs-capteurs \u00ab\u00a0intelligents\u00a0\u00bb sont plus discrets ! \u00a0 Compteur eau \u00a0 Gazpar Ce n&rsquo;est pas UN compteur communicant qui est pr\u00e9vu mais au moins trois par logement (\u00e9lectricit\u00e9, gaz, eau). Les uns (les Linky) g\u00e9n\u00e8rent des rayonnements par CPL, les autres envoient des ondes radios\u2026 Que dire de &hellip; <a href=\"https:\/\/collectif-accad.fr\/site\/autres-compteurs\/\" class=\"more-link\">Continuer la lecture de <span class=\"screen-reader-text\">Autres Compteurs<\/span><\/a><\/p>\n","protected":false},"author":4,"featured_media":0,"parent":0,"menu_order":0,"comment_status":"closed","ping_status":"closed","template":"","meta":{"footnotes":""},"class_list":["post-161","page","type-page","status-publish","hentry"],"_links":{"self":[{"href":"https:\/\/collectif-accad.fr\/site\/wp-json\/wp\/v2\/pages\/161","targetHints":{"allow":["GET"]}}],"collection":[{"href":"https:\/\/collectif-accad.fr\/site\/wp-json\/wp\/v2\/pages"}],"about":[{"href":"https:\/\/collectif-accad.fr\/site\/wp-json\/wp\/v2\/types\/page"}],"author":[{"embeddable":true,"href":"https:\/\/collectif-accad.fr\/site\/wp-json\/wp\/v2\/users\/4"}],"replies":[{"embeddable":true,"href":"https:\/\/collectif-accad.fr\/site\/wp-json\/wp\/v2\/comments?post=161"}],"version-history":[{"count":21,"href":"https:\/\/collectif-accad.fr\/site\/wp-json\/wp\/v2\/pages\/161\/revisions"}],"predecessor-version":[{"id":9807,"href":"https:\/\/collectif-accad.fr\/site\/wp-json\/wp\/v2\/pages\/161\/revisions\/9807"}],"wp:attachment":[{"href":"https:\/\/collectif-accad.fr\/site\/wp-json\/wp\/v2\/media?parent=161"}],"curies":[{"name":"wp","href":"https:\/\/api.w.org\/{rel}","templated":true}]}}