{"id":1065,"date":"2018-08-30T08:51:25","date_gmt":"2018-08-30T06:51:25","guid":{"rendered":"https:\/\/collectif-accad.fr\/site\/?page_id=1065"},"modified":"2019-12-18T14:32:17","modified_gmt":"2019-12-18T13:32:17","slug":"caracteristiques","status":"publish","type":"page","link":"https:\/\/collectif-accad.fr\/site\/accad\/caracteristiques\/","title":{"rendered":"Caract\u00e9ristiques"},"content":{"rendered":"<p style=\"text-align: center;\"><strong><span style=\"font-size: 18pt; color: #ff0000; font-family: arial black, sans-serif;\">Anti Compteurs Communicants <\/span><\/strong><\/p>\n<p style=\"text-align: center;\"><strong><span style=\"font-size: 18pt; color: #ff0000; font-family: arial black, sans-serif;\">Artois Douaisis<\/span><\/strong><\/p>\n<p style=\"text-align: justify;\">Le collectif ACCAD a\u00a0 \u00e9t\u00e9 cr\u00e9\u00e9 officiellement le 27 juin 2018.<\/p>\n<p style=\"text-align: justify;\">Ses statuts ont \u00e9t\u00e9 d\u00e9pos\u00e9s en sous-pr\u00e9fecture de Lens\u00a0 :<\/p>\n<p style=\"text-align: justify;\"><a href=\"https:\/\/collectif-accad.fr\/site\/wp-content\/uploads\/2018\/08\/statuts-ACCAD.pdf\">statuts ACCAD<\/a><\/p>\n<p style=\"text-align: center;\"><span style=\"font-size: 14pt;\"><strong>Pour connaitre les responsables de ce collectif<\/strong><\/span><\/p>\n<p style=\"text-align: justify;\">Pr\u00e9sident : Pierre ROSE<\/p>\n<p style=\"text-align: justify;\">Secr\u00e9taires : Michel WAGON et Pascal DIEUX<\/p>\n<p style=\"text-align: justify;\">Tr\u00e9sori\u00e8res : Marie-Andr\u00e9e BURGEAT et Patricia PATOU<\/p>\n<p style=\"text-align: center;\"><strong>Autres membres<\/strong><\/p>\n<p style=\"text-align: justify;\">Bernard BURGEAT<\/p>\n<p style=\"text-align: justify;\">Jean-Michel DAMIENS<\/p>\n<p style=\"text-align: justify;\">Jean-Robert DELHAYE<\/p>\n<p style=\"text-align: justify;\">Sylvestre KRYSZTOFIAK<\/p>\n<p>H\u00e9l\u00e8ne LEFEBVRE<\/p>\n<p>Patrick PESTEL<\/p>\n<p style=\"text-align: justify;\">Chantal ROUSSEL<\/p>\n<p style=\"text-align: justify;\">\n<p style=\"text-align: center;\"><img loading=\"lazy\" decoding=\"async\" class=\"alignnone size-full wp-image-1064\" src=\"https:\/\/collectif-accad.fr\/site\/wp-content\/uploads\/2018\/08\/Accad-180820-03.jpg\" alt=\"\" width=\"400\" height=\"685\" srcset=\"https:\/\/collectif-accad.fr\/site\/wp-content\/uploads\/2018\/08\/Accad-180820-03.jpg 400w, https:\/\/collectif-accad.fr\/site\/wp-content\/uploads\/2018\/08\/Accad-180820-03-175x300.jpg 175w\" sizes=\"auto, (max-width: 400px) 100vw, 400px\" \/><\/p>\n","protected":false},"excerpt":{"rendered":"<p>Anti Compteurs Communicants Artois Douaisis Le collectif ACCAD a\u00a0 \u00e9t\u00e9 cr\u00e9\u00e9 officiellement le 27 juin 2018. Ses statuts ont \u00e9t\u00e9 d\u00e9pos\u00e9s en sous-pr\u00e9fecture de Lens\u00a0 : statuts ACCAD Pour connaitre les responsables de ce collectif Pr\u00e9sident : Pierre ROSE Secr\u00e9taires : Michel WAGON et Pascal DIEUX Tr\u00e9sori\u00e8res : Marie-Andr\u00e9e BURGEAT et Patricia PATOU Autres membres &hellip; <a href=\"https:\/\/collectif-accad.fr\/site\/accad\/caracteristiques\/\" class=\"more-link\">Continuer la lecture de <span class=\"screen-reader-text\">Caract\u00e9ristiques<\/span><\/a><\/p>\n","protected":false},"author":4,"featured_media":0,"parent":68,"menu_order":0,"comment_status":"closed","ping_status":"closed","template":"","meta":{"footnotes":""},"class_list":["post-1065","page","type-page","status-publish","hentry"],"_links":{"self":[{"href":"https:\/\/collectif-accad.fr\/site\/wp-json\/wp\/v2\/pages\/1065","targetHints":{"allow":["GET"]}}],"collection":[{"href":"https:\/\/collectif-accad.fr\/site\/wp-json\/wp\/v2\/pages"}],"about":[{"href":"https:\/\/collectif-accad.fr\/site\/wp-json\/wp\/v2\/types\/page"}],"author":[{"embeddable":true,"href":"https:\/\/collectif-accad.fr\/site\/wp-json\/wp\/v2\/users\/4"}],"replies":[{"embeddable":true,"href":"https:\/\/collectif-accad.fr\/site\/wp-json\/wp\/v2\/comments?post=1065"}],"version-history":[{"count":7,"href":"https:\/\/collectif-accad.fr\/site\/wp-json\/wp\/v2\/pages\/1065\/revisions"}],"predecessor-version":[{"id":4673,"href":"https:\/\/collectif-accad.fr\/site\/wp-json\/wp\/v2\/pages\/1065\/revisions\/4673"}],"up":[{"embeddable":true,"href":"https:\/\/collectif-accad.fr\/site\/wp-json\/wp\/v2\/pages\/68"}],"wp:attachment":[{"href":"https:\/\/collectif-accad.fr\/site\/wp-json\/wp\/v2\/media?parent=1065"}],"curies":[{"name":"wp","href":"https:\/\/api.w.org\/{rel}","templated":true}]}}